CRAN Package Check Results for Package tidyquant

Last updated on 2022-06-30 11:53:21 CEST.

Flavor Version Tinstall Tcheck Ttotal Status Flags
r-devel-linux-x86_64-debian-clang 1.0.4 13.23 223.84 237.07 OK
r-devel-linux-x86_64-debian-gcc 1.0.4 8.33 160.35 168.68 OK
r-devel-linux-x86_64-fedora-clang 1.0.4 269.29 NOTE
r-devel-linux-x86_64-fedora-gcc 1.0.4 292.76 OK
r-devel-windows-x86_64 1.0.4 86.00 417.00 503.00 OK
r-patched-linux-x86_64 1.0.4 18.60 210.18 228.78 OK
r-release-linux-x86_64 1.0.4 9.99 206.70 216.69 OK
r-release-macos-arm64 1.0.4 140.00 NOTE
r-release-macos-x86_64 1.0.4 148.00 OK
r-release-windows-x86_64 1.0.4 101.00 274.00 375.00 OK
r-oldrel-macos-arm64 1.0.4 137.00 NOTE
r-oldrel-macos-x86_64 1.0.4 165.00 OK
r-oldrel-windows-ix86+x86_64 1.0.4 30.00 309.00 339.00 OK

Check Details

Version: 1.0.4
Check: package dependencies
Result: NOTE
    Imports includes 21 non-default packages.
    Importing from so many packages makes the package vulnerable to any of
    them becoming unavailable. Move as many as possible to Suggests and
    use conditionally.
Flavor: r-devel-linux-x86_64-fedora-clang

Version: 1.0.4
Check: package dependencies
Result: NOTE
    Package suggested but not available for checking: ‘Rblpapi’
Flavors: r-release-macos-arm64, r-oldrel-macos-arm64

Version: 1.0.4
Check: Rd cross-references
Result: NOTE
    Package unavailable to check Rd xrefs: ‘Rblpapi’
Flavors: r-release-macos-arm64, r-oldrel-macos-arm64