Last updated on 2024-04-26 12:54:52 CEST.
Flavor | Version | Tinstall | Tcheck | Ttotal | Status | Flags |
---|---|---|---|---|---|---|
r-devel-linux-x86_64-debian-clang | 0.3.1 | 106.05 | 113.12 | 219.17 | OK | |
r-devel-linux-x86_64-debian-gcc | 0.3.1 | 81.38 | 85.56 | 166.94 | OK | |
r-devel-linux-x86_64-fedora-clang | 0.3.1 | 301.34 | OK | |||
r-devel-linux-x86_64-fedora-gcc | 0.3.1 | 293.35 | OK | |||
r-devel-windows-x86_64 | 0.3.1 | 82.00 | 112.00 | 194.00 | OK | |
r-patched-linux-x86_64 | 0.3.1 | 102.42 | 108.59 | 211.01 | OK | |
r-release-linux-x86_64 | 0.3.1 | 95.57 | 108.82 | 204.39 | OK | |
r-release-macos-arm64 | 0.3.1 | 58.00 | NOTE | |||
r-release-windows-x86_64 | 0.3.1 | 81.00 | 112.00 | 193.00 | OK | |
r-oldrel-macos-arm64 | 0.3.1 | 70.00 | NOTE | |||
r-oldrel-macos-x86_64 | 0.3.1 | 140.00 | NOTE | |||
r-oldrel-windows-x86_64 | 0.3.1 | 100.00 | 140.00 | 240.00 | OK |
Version: 0.3.1
Check: installed package size
Result: NOTE
installed size is 6.9Mb
sub-directories of 1Mb or more:
data 2.3Mb
libs 4.3Mb
Flavors: r-release-macos-arm64, r-oldrel-macos-arm64, r-oldrel-macos-x86_64