Last updated on 2024-04-25 08:00:09 CEST.
Flavor | Version | Tinstall | Tcheck | Ttotal | Status | Flags |
---|---|---|---|---|---|---|
r-devel-linux-x86_64-debian-clang | 23.9.1 | 7.29 | 103.41 | 110.70 | OK | |
r-devel-linux-x86_64-debian-gcc | 23.9.1 | 7.53 | 76.99 | 84.52 | OK | |
r-devel-linux-x86_64-fedora-clang | 23.9.1 | 147.73 | NOTE | |||
r-devel-linux-x86_64-fedora-gcc | 23.9.1 | 149.10 | NOTE | |||
r-devel-windows-x86_64 | 23.9.1 | 9.00 | 96.00 | 105.00 | OK | |
r-patched-linux-x86_64 | 23.9.1 | 9.85 | 97.21 | 107.06 | OK | |
r-release-linux-x86_64 | 23.9.1 | 9.42 | 100.24 | 109.66 | OK | |
r-release-macos-arm64 | 23.9.1 | 43.00 | OK | |||
r-release-windows-x86_64 | 23.9.1 | 9.00 | 97.00 | 106.00 | OK | |
r-oldrel-macos-arm64 | 23.9.1 | 63.00 | OK | |||
r-oldrel-macos-x86_64 | 23.9.1 | 95.00 | OK | |||
r-oldrel-windows-x86_64 | 23.9.1 | 12.00 | 113.00 | 125.00 | OK |
Version: 23.9.1
Check: data for non-ASCII characters
Result: NOTE
Note: found 705 marked UTF-8 strings
Flavors: r-devel-linux-x86_64-fedora-clang, r-devel-linux-x86_64-fedora-gcc