Last updated on 2024-04-25 08:00:08 CEST.
Flavor | Version | Tinstall | Tcheck | Ttotal | Status | Flags |
---|---|---|---|---|---|---|
r-devel-linux-x86_64-debian-clang | 1.0.3 | 55.18 | 111.88 | 167.06 | NOTE | |
r-devel-linux-x86_64-debian-gcc | 1.0.3 | 43.60 | 78.67 | 122.27 | NOTE | |
r-devel-linux-x86_64-fedora-clang | 1.0.3 | 226.51 | NOTE | |||
r-devel-linux-x86_64-fedora-gcc | 1.0.3 | 235.77 | NOTE | |||
r-devel-windows-x86_64 | 1.0.3 | 42.00 | 116.00 | 158.00 | NOTE | |
r-patched-linux-x86_64 | 1.0.3 | 58.66 | 106.82 | 165.48 | NOTE | |
r-release-linux-x86_64 | 1.0.3 | 59.50 | 99.11 | 158.61 | NOTE | |
r-release-macos-arm64 | 1.0.3 | 56.00 | NOTE | |||
r-release-windows-x86_64 | 1.0.3 | 45.00 | 115.00 | 160.00 | NOTE | |
r-oldrel-macos-arm64 | 1.0.3 | 60.00 | NOTE | |||
r-oldrel-macos-x86_64 | 1.0.3 | 100.00 | NOTE | |||
r-oldrel-windows-x86_64 | 1.0.3 | 59.00 | 138.00 | 197.00 | NOTE |
Version: 1.0.3
Check: C++ specification
Result: NOTE
Specified C++11: please drop specification unless essential
Flavors: r-devel-linux-x86_64-debian-clang, r-devel-linux-x86_64-debian-gcc, r-devel-linux-x86_64-fedora-clang, r-devel-linux-x86_64-fedora-gcc, r-devel-windows-x86_64, r-patched-linux-x86_64, r-release-linux-x86_64, r-release-macos-arm64, r-release-windows-x86_64, r-oldrel-macos-arm64, r-oldrel-macos-x86_64, r-oldrel-windows-x86_64
Version: 1.0.3
Check: Rd files
Result: NOTE
checkRd: (-1) getKernel.Rd:25-26: Lost braces in \itemize; \value handles \item{}{} directly
checkRd: (-1) getKernel.Rd:27-28: Lost braces in \itemize; \value handles \item{}{} directly
Flavors: r-devel-linux-x86_64-debian-clang, r-devel-linux-x86_64-debian-gcc, r-devel-linux-x86_64-fedora-clang, r-devel-linux-x86_64-fedora-gcc, r-devel-windows-x86_64, r-patched-linux-x86_64, r-release-macos-arm64, r-release-windows-x86_64
Version: 1.0.3
Check: installed package size
Result: NOTE
installed size is 5.1Mb
sub-directories of 1Mb or more:
libs 4.2Mb
Flavors: r-release-macos-arm64, r-oldrel-macos-arm64, r-oldrel-macos-x86_64