Last updated on 2023-09-22 12:56:39 CEST.
Flavor | Version | Tinstall | Tcheck | Ttotal | Status | Flags |
---|---|---|---|---|---|---|
r-devel-linux-x86_64-debian-clang | 1.1.1 | 147.17 | 130.35 | 277.52 | NOTE | |
r-devel-linux-x86_64-debian-gcc | 1.1.1 | 103.35 | 95.41 | 198.76 | NOTE | |
r-devel-linux-x86_64-fedora-clang | 1.1.1 | 388.65 | NOTE | |||
r-devel-linux-x86_64-fedora-gcc | 1.1.1 | 392.27 | NOTE | |||
r-devel-windows-x86_64 | 1.1.1 | 110.00 | 133.00 | 243.00 | NOTE | |
r-patched-linux-x86_64 | 1.1.1 | 106.74 | 118.54 | 225.28 | NOTE | |
r-release-linux-x86_64 | 1.1.1 | 105.60 | 122.18 | 227.78 | NOTE | |
r-release-macos-arm64 | 1.1.1 | 99.00 | NOTE | |||
r-release-macos-x86_64 | 1.1.1 | 167.00 | NOTE | |||
r-release-windows-x86_64 | 1.1.1 | 145.00 | 164.00 | 309.00 | NOTE | |
r-oldrel-macos-arm64 | 1.1.1 | 77.00 | OK | |||
r-oldrel-macos-x86_64 | 1.1.1 | 114.00 | OK | |||
r-oldrel-windows-x86_64 | 1.1.1 | 144.00 | 147.00 | 291.00 | OK |
Version: 1.1.1
Check: C++ specification
Result: NOTE
Specified C++11: please drop specification unless essential
Flavors: r-devel-linux-x86_64-debian-clang, r-devel-linux-x86_64-debian-gcc, r-devel-linux-x86_64-fedora-clang, r-devel-linux-x86_64-fedora-gcc, r-devel-windows-x86_64, r-patched-linux-x86_64, r-release-linux-x86_64, r-release-macos-arm64, r-release-macos-x86_64, r-release-windows-x86_64