CRAN Package Check Results for Package salso

Last updated on 2022-08-17 12:55:26 CEST.

Flavor Version Tinstall Tcheck Ttotal Status Flags
r-devel-linux-x86_64-debian-clang 0.3.0 166.96 39.99 206.95 OK
r-devel-linux-x86_64-debian-gcc 0.3.0 OK
r-devel-linux-x86_64-fedora-clang 0.3.0 341.58 OK
r-devel-linux-x86_64-fedora-gcc 0.3.0 328.36 OK
r-devel-windows-x86_64 0.3.0 4420.00 92.00 4512.00 OK
r-patched-linux-x86_64 0.3.0 166.35 38.97 205.32 OK
r-release-linux-x86_64 0.3.0 167.04 38.89 205.93 OK
r-release-macos-arm64 0.3.0 25.00 NOTE
r-release-macos-x86_64 0.3.0 33.00 NOTE
r-release-windows-x86_64 0.3.0 11.00 90.00 101.00 OK
r-oldrel-macos-arm64 0.3.0 24.00 NOTE
r-oldrel-macos-x86_64 0.3.0 33.00 NOTE
r-oldrel-windows-ix86+x86_64 0.3.0 15.00 108.00 123.00 OK

Check Details

Version: 0.3.0
Check: installed package size
Result: NOTE
     installed size is 6.8Mb
     sub-directories of 1Mb or more:
     libs 6.5Mb
Flavors: r-release-macos-arm64, r-release-macos-x86_64, r-oldrel-macos-arm64, r-oldrel-macos-x86_64