Last updated on 2025-11-14 11:50:46 CET.
| Flavor | Version | Tinstall | Tcheck | Ttotal | Status | Flags |
|---|---|---|---|---|---|---|
| r-devel-linux-x86_64-debian-clang | 2.30 | 9.34 | 72.98 | 82.32 | OK | |
| r-devel-linux-x86_64-debian-gcc | 2.30 | 7.43 | 51.40 | 58.83 | OK | |
| r-devel-linux-x86_64-fedora-clang | 2.30 | 21.00 | 100.36 | 121.36 | OK | |
| r-devel-linux-x86_64-fedora-gcc | 2.30 | 24.00 | 109.00 | 133.00 | OK | |
| r-devel-windows-x86_64 | 2.30 | 16.00 | 91.00 | 107.00 | OK | |
| r-patched-linux-x86_64 | 2.30 | 11.78 | 67.40 | 79.18 | OK | |
| r-release-linux-x86_64 | 2.30 | 9.97 | 67.75 | 77.72 | OK | |
| r-release-macos-arm64 | 2.30 | 6.00 | 97.00 | 103.00 | OK | |
| r-release-macos-x86_64 | 2.30 | 26.00 | 167.00 | 193.00 | OK | |
| r-release-windows-x86_64 | 2.30 | 15.00 | 95.00 | 110.00 | OK | |
| r-oldrel-macos-arm64 | 2.30 | 5.00 | 45.00 | 50.00 | NOTE | |
| r-oldrel-macos-x86_64 | 2.30 | 16.00 | 171.00 | 187.00 | NOTE | |
| r-oldrel-windows-x86_64 | 2.30 | 19.00 | 110.00 | 129.00 | NOTE |
Version: 2.30
Check: installed package size
Result: NOTE
installed size is 7.1Mb
sub-directories of 1Mb or more:
rmd 6.0Mb
Flavors: r-oldrel-macos-arm64, r-oldrel-macos-x86_64, r-oldrel-windows-x86_64