CRAN Package Check Results for Package remotes

Last updated on 2023-02-02 11:54:13 CET.

Flavor Version Tinstall Tcheck Ttotal Status Flags
r-devel-linux-x86_64-debian-clang 2.4.2 5.89 61.87 67.76 OK
r-devel-linux-x86_64-debian-gcc 2.4.2 3.90 46.16 50.06 OK
r-devel-linux-x86_64-fedora-clang 2.4.2 84.76 OK
r-devel-linux-x86_64-fedora-gcc 2.4.2 113.53 OK
r-patched-linux-x86_64 2.4.2 6.12 56.28 62.40 OK
r-release-linux-x86_64 2.4.2 5.71 57.41 63.12 OK
r-release-macos-arm64 2.4.2 31.00 OK
r-release-macos-x86_64 2.4.2 51.00 OK
r-release-windows-x86_64 2.4.2 65.00 119.00 184.00 OK
r-oldrel-macos-arm64 2.4.2 173.00 OK
r-oldrel-macos-x86_64 2.4.2 49.00 OK
r-oldrel-windows-ix86+x86_64 2.4.2 11.00 103.00 114.00 WARN

Check Details

Version: 2.4.2
Check: for unstated dependencies in ‘tests’
Result: WARN
    Warning: unable to access index for repository https://bioconductor.org/packages/3.14/bioc/src/contrib:
     cannot open URL 'https://bioconductor.org/packages/3.14/bioc/src/contrib/PACKAGES'
    Warning: unable to access index for repository https://bioconductor.org/packages/3.14/data/annotation/src/contrib:
     cannot open URL 'https://bioconductor.org/packages/3.14/data/annotation/src/contrib/PACKAGES'
    Warning: unable to access index for repository https://bioconductor.org/packages/3.14/data/experiment/src/contrib:
     cannot open URL 'https://bioconductor.org/packages/3.14/data/experiment/src/contrib/PACKAGES'
Flavor: r-oldrel-windows-ix86+x86_64