CRAN Package Check Results for Package registr

Last updated on 2022-01-20 11:51:07 CET.

Flavor Version Tinstall Tcheck Ttotal Status Flags
r-devel-linux-x86_64-debian-clang 1.0.0 OK
r-devel-linux-x86_64-debian-gcc 1.0.0 45.15 140.35 185.50 OK
r-devel-linux-x86_64-fedora-clang 1.0.0 317.22 NOTE
r-devel-linux-x86_64-fedora-gcc 1.0.0 292.83 NOTE
r-devel-windows-x86_64-new-UL 1.0.0 76.00 223.00 299.00 OK
r-devel-windows-x86_64-new-TK 1.0.0 NOTE
r-patched-linux-x86_64 1.0.0 40.20 183.15 223.35 OK
r-release-linux-x86_64 1.0.0 42.40 183.89 226.29 OK
r-release-macos-arm64 1.0.0 NOTE
r-release-macos-x86_64 1.0.0 NOTE
r-release-windows-ix86+x86_64 1.0.0 150.00 339.00 489.00 OK
r-oldrel-macos-x86_64 1.0.0 NOTE
r-oldrel-windows-ix86+x86_64 1.0.0 149.00 351.00 500.00 OK

Check Details

Version: 1.0.0
Check: dependencies in R code
Result: NOTE
    Namespaces in Imports field not imported from:
     ‘ggplot2’ ‘gridExtra’
     All declared Imports should be used.
Flavors: r-devel-linux-x86_64-fedora-clang, r-devel-linux-x86_64-fedora-gcc, r-devel-windows-x86_64-new-TK, r-release-macos-arm64, r-release-macos-x86_64, r-oldrel-macos-x86_64