Last updated on 2024-03-28 09:51:54 CET.
Flavor | Version | Tinstall | Tcheck | Ttotal | Status | Flags |
---|---|---|---|---|---|---|
r-devel-linux-x86_64-debian-clang | 2.1.0 | 71.75 | 903.38 | 975.13 | NOTE | |
r-devel-linux-x86_64-debian-gcc | 2.1.0 | 50.84 | 685.63 | 736.47 | NOTE | |
r-devel-linux-x86_64-fedora-clang | 2.1.0 | 1168.65 | NOTE | |||
r-devel-linux-x86_64-fedora-gcc | 2.1.0 | 1289.70 | NOTE | |||
r-devel-windows-x86_64 | 2.1.0 | 59.00 | 876.00 | 935.00 | NOTE | |
r-patched-linux-x86_64 | 2.1.0 | 82.85 | 881.66 | 964.51 | NOTE | |
r-release-linux-x86_64 | 2.1.0 | 55.84 | 916.21 | 972.05 | NOTE | |
r-release-macos-arm64 | 2.1.0 | 410.00 | NOTE | |||
r-release-macos-x86_64 | 2.1.0 | 628.00 | NOTE | |||
r-release-windows-x86_64 | 2.1.0 | 69.00 | 958.00 | 1027.00 | NOTE | |
r-oldrel-macos-arm64 | 2.1.0 | 314.00 | OK | |||
r-oldrel-windows-x86_64 | 2.1.0 | 74.00 | 1009.00 | 1083.00 | OK |
Version: 2.1.0
Check: C++ specification
Result: NOTE
Specified C++11: please drop specification unless essential
Flavors: r-devel-linux-x86_64-debian-clang, r-devel-linux-x86_64-debian-gcc, r-devel-linux-x86_64-fedora-clang, r-devel-linux-x86_64-fedora-gcc, r-devel-windows-x86_64, r-patched-linux-x86_64, r-release-linux-x86_64, r-release-macos-arm64, r-release-macos-x86_64, r-release-windows-x86_64