Last updated on 2024-04-18 12:52:59 CEST.
Flavor | Version | Tinstall | Tcheck | Ttotal | Status | Flags |
---|---|---|---|---|---|---|
r-devel-linux-x86_64-debian-clang | 1.0.0.10 | 107.08 | 54.81 | 161.89 | NOTE | |
r-devel-linux-x86_64-debian-gcc | 1.0.0.10 | 80.88 | 41.33 | 122.21 | NOTE | |
r-devel-linux-x86_64-fedora-clang | 1.0.0.10 | 235.46 | NOTE | |||
r-devel-linux-x86_64-fedora-gcc | 1.0.0.10 | 229.25 | NOTE | |||
r-prerel-macos-arm64 | 1.0.0.10 | 49.00 | NOTE | |||
r-prerel-macos-x86_64 | 1.0.0.10 | 71.00 | NOTE | |||
r-prerel-windows-x86_64 | 1.0.0.10 | 85.00 | 85.00 | 170.00 | NOTE | |
r-patched-linux-x86_64 | 1.0.0.10 | 101.83 | 50.43 | 152.26 | NOTE | |
r-release-linux-x86_64 | 1.0.0.10 | 105.21 | 52.83 | 158.04 | NOTE | |
r-release-macos-arm64 | 1.0.0.10 | 57.00 | NOTE | |||
r-release-macos-x86_64 | 1.0.0.10 | 80.00 | NOTE | |||
r-release-windows-x86_64 | 1.0.0.10 | 106.00 | 98.00 | 204.00 | NOTE | |
r-oldrel-macos-arm64 | 1.0.0.10 | 50.00 | OK | |||
r-oldrel-windows-x86_64 | 1.0.0.10 | 104.00 | 100.00 | 204.00 | OK |
Version: 1.0.0.10
Check: C++ specification
Result: NOTE
Specified C++11: please drop specification unless essential
Flavors: r-devel-linux-x86_64-debian-clang, r-devel-linux-x86_64-debian-gcc, r-devel-linux-x86_64-fedora-clang, r-devel-linux-x86_64-fedora-gcc, r-prerel-macos-arm64, r-prerel-macos-x86_64, r-prerel-windows-x86_64, r-patched-linux-x86_64, r-release-linux-x86_64, r-release-macos-arm64, r-release-macos-x86_64, r-release-windows-x86_64