Last updated on 2023-02-01 13:53:31 CET.
Flavor | Version | Tinstall | Tcheck | Ttotal | Status | Flags |
---|---|---|---|---|---|---|
r-devel-linux-x86_64-debian-clang | 1.0.0.10 | 109.06 | 51.46 | 160.52 | NOTE | |
r-devel-linux-x86_64-debian-gcc | 1.0.0.10 | 81.73 | 40.01 | 121.74 | NOTE | |
r-devel-linux-x86_64-fedora-clang | 1.0.0.10 | 232.77 | NOTE | |||
r-devel-linux-x86_64-fedora-gcc | 1.0.0.10 | 210.07 | NOTE | |||
r-devel-windows-x86_64 | 1.0.0.10 | 96.00 | 114.00 | 210.00 | NOTE | |
r-patched-linux-x86_64 | 1.0.0.10 | 88.44 | 51.98 | 140.42 | OK | |
r-release-linux-x86_64 | 1.0.0.10 | 79.03 | 51.20 | 130.23 | OK | |
r-release-macos-arm64 | 1.0.0.10 | 50.00 | OK | |||
r-release-macos-x86_64 | 1.0.0.10 | 70.00 | OK | |||
r-release-windows-x86_64 | 1.0.0.10 | 110.00 | 123.00 | 233.00 | OK | |
r-oldrel-macos-arm64 | 1.0.0.10 | 47.00 | OK | |||
r-oldrel-macos-x86_64 | 1.0.0.10 | 80.00 | OK | |||
r-oldrel-windows-ix86+x86_64 | 1.0.0.10 | 253.00 | 116.00 | 369.00 | OK |
Version: 1.0.0.10
Check: C++ specification
Result: NOTE
Specified C++11: please update to current default of C++17
Flavors: r-devel-linux-x86_64-debian-clang, r-devel-linux-x86_64-debian-gcc, r-devel-linux-x86_64-fedora-clang, r-devel-linux-x86_64-fedora-gcc, r-devel-windows-x86_64