Last updated on 2024-03-29 09:55:30 CET.
Flavor | Version | Tinstall | Tcheck | Ttotal | Status | Flags |
---|---|---|---|---|---|---|
r-devel-linux-x86_64-debian-clang | 2.5 | 61.84 | 54.05 | 115.89 | ERROR | |
r-devel-linux-x86_64-debian-gcc | 2.5 | 46.64 | 42.85 | 89.49 | ERROR | |
r-devel-linux-x86_64-fedora-clang | 2.7 | 289.54 | OK | |||
r-devel-linux-x86_64-fedora-gcc | 2.7 | 292.76 | OK | |||
r-devel-windows-x86_64 | 2.5 | 47.00 | 83.00 | 130.00 | ERROR | |
r-patched-linux-x86_64 | 2.5 | 56.04 | 53.27 | 109.31 | ERROR | |
r-release-linux-x86_64 | 2.5 | 54.02 | 51.84 | 105.86 | ERROR | |
r-release-macos-arm64 | 2.5 | 128.00 | OK | |||
r-release-macos-x86_64 | 2.7 | 337.00 | OK | |||
r-release-windows-x86_64 | 2.5 | 46.00 | 95.00 | 141.00 | ERROR | |
r-oldrel-macos-arm64 | 2.5 | 115.00 | OK | |||
r-oldrel-windows-x86_64 | 2.5 | 56.00 | 92.00 | 148.00 | ERROR |
Version: 2.5
Check: re-building of vignette outputs
Result: ERROR
Error(s) in re-building vignettes:
...
--- re-building ‘ontologySimilarity-GO-example.Rmd’ using rmarkdown
Quitting from lines 53-60 [unnamed-chunk-6] (ontologySimilarity-GO-example.Rmd)
Error: processing vignette 'ontologySimilarity-GO-example.Rmd' failed with diagnostics:
Term sets contain terms not present in ontology
--- failed re-building ‘ontologySimilarity-GO-example.Rmd’
--- re-building ‘ontologySimilarity-examples.Rmd’ using rmarkdown
--- finished re-building ‘ontologySimilarity-examples.Rmd’
--- re-building ‘ontologySimilarity-introduction.Rmd’ using rmarkdown
--- finished re-building ‘ontologySimilarity-introduction.Rmd’
SUMMARY: processing the following file failed:
‘ontologySimilarity-GO-example.Rmd’
Error: Vignette re-building failed.
Execution halted
Flavors: r-devel-linux-x86_64-debian-clang, r-devel-linux-x86_64-debian-gcc, r-patched-linux-x86_64, r-release-linux-x86_64
Version: 2.5
Check: re-building of vignette outputs
Result: ERROR
Error(s) in re-building vignettes:
--- re-building 'ontologySimilarity-GO-example.Rmd' using rmarkdown
Quitting from lines 53-60 [unnamed-chunk-6] (ontologySimilarity-GO-example.Rmd)
Error: processing vignette 'ontologySimilarity-GO-example.Rmd' failed with diagnostics:
Term sets contain terms not present in ontology
--- failed re-building 'ontologySimilarity-GO-example.Rmd'
--- re-building 'ontologySimilarity-examples.Rmd' using rmarkdown
--- finished re-building 'ontologySimilarity-examples.Rmd'
--- re-building 'ontologySimilarity-introduction.Rmd' using rmarkdown
--- finished re-building 'ontologySimilarity-introduction.Rmd'
SUMMARY: processing the following file failed:
'ontologySimilarity-GO-example.Rmd'
Error: Vignette re-building failed.
Execution halted
Flavors: r-devel-windows-x86_64, r-release-windows-x86_64, r-oldrel-windows-x86_64