CRAN Package Check Results for Package movecost

Last updated on 2022-08-07 09:54:03 CEST.

Flavor Version Tinstall Tcheck Ttotal Status Flags
r-devel-linux-x86_64-debian-clang 1.6 36.38 371.59 407.97 OK
r-devel-linux-x86_64-debian-gcc 1.6 33.16 271.10 304.26 OK
r-devel-linux-x86_64-fedora-clang 1.6 498.08 NOTE
r-devel-linux-x86_64-fedora-gcc 1.6 476.99 NOTE
r-devel-windows-x86_64 1.6 41.00 378.00 419.00 OK
r-patched-linux-x86_64 1.6 38.32 353.21 391.53 OK
r-release-linux-x86_64 1.6 36.40 350.03 386.43 OK
r-release-macos-arm64 1.6 101.00 NOTE
r-release-macos-x86_64 1.6 153.00 NOTE
r-release-windows-x86_64 1.6 47.00 301.00 348.00 OK
r-oldrel-macos-arm64 1.6 96.00 NOTE
r-oldrel-macos-x86_64 1.6 136.00 NOTE
r-oldrel-windows-ix86+x86_64 1.6 95.00 382.00 477.00 OK

Check Details

Version: 1.6
Check: data for non-ASCII characters
Result: NOTE
     Note: found 3 marked UTF-8 strings
Flavors: r-devel-linux-x86_64-fedora-clang, r-devel-linux-x86_64-fedora-gcc, r-release-macos-arm64, r-release-macos-x86_64, r-oldrel-macos-arm64, r-oldrel-macos-x86_64