Last updated on 2022-06-30 11:53:13 CEST.
Flavor | Version | Tinstall | Tcheck | Ttotal | Status | Flags |
---|---|---|---|---|---|---|
r-devel-linux-x86_64-debian-clang | 0.1 | 32.93 | 27.49 | 60.42 | NOTE | |
r-devel-linux-x86_64-debian-gcc | 0.1 | 24.15 | 21.47 | 45.62 | NOTE | |
r-devel-linux-x86_64-fedora-clang | 0.1 | 91.64 | NOTE | |||
r-devel-linux-x86_64-fedora-gcc | 0.1 | 84.37 | NOTE | |||
r-devel-windows-x86_64 | 0.1 | 34.00 | 70.00 | 104.00 | NOTE | |
r-patched-linux-x86_64 | 0.1 | 24.08 | 27.24 | 51.32 | NOTE | |
r-release-linux-x86_64 | 0.1 | 28.00 | 26.54 | 54.54 | NOTE | |
r-release-macos-arm64 | 0.1 | 20.00 | NOTE | |||
r-release-macos-x86_64 | 0.1 | 33.00 | NOTE | |||
r-release-windows-x86_64 | 0.1 | 32.00 | 76.00 | 108.00 | NOTE | |
r-oldrel-macos-arm64 | 0.1 | 35.00 | NOTE | |||
r-oldrel-macos-x86_64 | 0.1 | 46.00 | NOTE | |||
r-oldrel-windows-ix86+x86_64 | 0.1 | 75.00 | 75.00 | 150.00 | NOTE |
Version: 0.1
Check: LazyData
Result: NOTE
'LazyData' is specified without a 'data' directory
Flavors: r-devel-linux-x86_64-debian-clang, r-devel-linux-x86_64-debian-gcc, r-devel-linux-x86_64-fedora-clang, r-devel-linux-x86_64-fedora-gcc, r-devel-windows-x86_64, r-patched-linux-x86_64, r-release-linux-x86_64, r-release-macos-arm64, r-release-macos-x86_64, r-release-windows-x86_64, r-oldrel-macos-arm64, r-oldrel-macos-x86_64, r-oldrel-windows-ix86+x86_64