Last updated on 2024-04-23 10:54:09 CEST.
Flavor | Version | Tinstall | Tcheck | Ttotal | Status | Flags |
---|---|---|---|---|---|---|
r-devel-linux-x86_64-debian-clang | 0.4.21 | 6.70 | 58.65 | 65.35 | OK | |
r-devel-linux-x86_64-debian-gcc | 0.4.21 | 4.41 | 41.78 | 46.19 | OK | |
r-devel-linux-x86_64-fedora-clang | 0.4.21 | 80.23 | NOTE | |||
r-devel-linux-x86_64-fedora-gcc | 0.4.21 | 90.43 | NOTE | |||
r-prerel-macos-arm64 | 0.4.21 | 31.00 | OK | |||
r-prerel-windows-x86_64 | 0.4.21 | 7.00 | 89.00 | 96.00 | OK | |
r-patched-linux-x86_64 | 0.4.21 | 7.03 | 55.49 | 62.52 | OK | |
r-release-linux-x86_64 | 0.4.21 | 4.74 | 52.30 | 57.04 | OK | |
r-release-macos-arm64 | 0.4.21 | 38.00 | OK | |||
r-release-macos-x86_64 | 0.4.21 | 139.00 | OK | |||
r-release-windows-x86_64 | 0.4.21 | 9.00 | 85.00 | 94.00 | OK | |
r-oldrel-macos-arm64 | 0.4.21 | 35.00 | OK | |||
r-oldrel-windows-x86_64 | 0.4.21 | 10.00 | 83.00 | 93.00 | OK |
Version: 0.4.21
Check: compiled code
Result: NOTE
File ‘mhsmm/libs/mhsmm.so’:
Found no calls to: ‘R_registerRoutines’, ‘R_useDynamicSymbols’
It is good practice to register native routines and to disable symbol
search.
See ‘Writing portable packages’ in the ‘Writing R Extensions’ manual.
Flavors: r-devel-linux-x86_64-fedora-clang, r-devel-linux-x86_64-fedora-gcc