CRAN Package Check Results for Package marginaleffects

Last updated on 2022-11-26 10:58:02 CET.

Flavor Version Tinstall Tcheck Ttotal Status Flags
r-devel-linux-x86_64-debian-clang 0.8.1 13.10 122.24 135.34 OK
r-devel-linux-x86_64-debian-gcc 0.8.1 8.71 87.33 96.04 OK
r-devel-linux-x86_64-fedora-clang 0.8.1 175.84 NOTE
r-devel-linux-x86_64-fedora-gcc 0.8.1 181.35 OK
r-devel-windows-x86_64 0.8.1 14.00 146.00 160.00 OK
r-patched-linux-x86_64 0.8.0 OK
r-release-linux-x86_64 0.8.0 12.51 101.36 113.87 OK
r-release-macos-arm64 0.8.0 50.00 OK
r-release-macos-x86_64 0.8.1 63.00 OK
r-release-windows-x86_64 0.8.0 334.00 152.00 486.00 OK
r-oldrel-macos-arm64 0.8.0 45.00 OK
r-oldrel-macos-x86_64 0.8.1 60.00 OK
r-oldrel-windows-ix86+x86_64 0.8.0 19.00 131.00 150.00 OK

Check Details

Version: 0.8.1
Check: Rd cross-references
Result: NOTE
    Undeclared package ‘car’ in Rd xrefs
Flavor: r-devel-linux-x86_64-fedora-clang