Last updated on 2022-07-04 12:54:13 CEST.
Flavor | Version | Tinstall | Tcheck | Ttotal | Status | Flags |
---|---|---|---|---|---|---|
r-devel-linux-x86_64-debian-clang | 0.6.0 | 8.63 | 91.09 | 99.72 | NOTE | |
r-devel-linux-x86_64-debian-gcc | 0.6.0 | 7.49 | 63.56 | 71.05 | NOTE | |
r-devel-linux-x86_64-fedora-clang | 0.6.0 | 123.07 | NOTE | |||
r-devel-linux-x86_64-fedora-gcc | 0.6.0 | 117.13 | NOTE | |||
r-devel-windows-x86_64 | 0.6.0 | 390.00 | 108.00 | 498.00 | OK | |
r-patched-linux-x86_64 | 0.6.0 | 8.75 | 81.47 | 90.22 | NOTE | |
r-release-linux-x86_64 | 0.6.0 | 8.03 | 80.06 | 88.09 | NOTE | |
r-release-macos-arm64 | 0.6.0 | 7.00 | ERROR | |||
r-release-macos-x86_64 | 0.6.0 | 47.00 | OK | |||
r-release-windows-x86_64 | 0.6.0 | 138.00 | 134.00 | 272.00 | OK | |
r-oldrel-macos-arm64 | 0.6.0 | 30.00 | OK | |||
r-oldrel-macos-x86_64 | 0.6.0 | 45.00 | OK | |||
r-oldrel-windows-ix86+x86_64 | 0.6.0 | 15.00 | 106.00 | 121.00 | OK |
Version: 0.6.0
Check: package dependencies
Result: NOTE
Package suggested but not available for checking: 'tobit1'
Flavors: r-devel-linux-x86_64-debian-clang, r-devel-linux-x86_64-debian-gcc, r-devel-linux-x86_64-fedora-clang, r-devel-linux-x86_64-fedora-gcc, r-patched-linux-x86_64, r-release-linux-x86_64
Version: 0.6.0
Check: Rd cross-references
Result: NOTE
Undeclared package ‘car’ in Rd xrefs
Flavor: r-devel-linux-x86_64-fedora-clang
Version: 0.6.0
Check: package dependencies
Result: ERROR
Package required and available but unsuitable version: ‘insight’
See section ‘The DESCRIPTION file’ in the ‘Writing R Extensions’
manual.
Flavor: r-release-macos-arm64