Last updated on 2022-07-07 12:55:27 CEST.
Flavor | Version | Tinstall | Tcheck | Ttotal | Status | Flags |
---|---|---|---|---|---|---|
r-devel-linux-x86_64-debian-clang | 1.2 | 84.48 | 39.25 | 123.73 | OK | |
r-devel-linux-x86_64-debian-gcc | 1.2 | 68.85 | 29.02 | 97.87 | OK | |
r-devel-linux-x86_64-fedora-clang | 1.2 | 193.81 | OK | |||
r-devel-linux-x86_64-fedora-gcc | 1.2 | 168.73 | OK | |||
r-devel-windows-x86_64 | 1.2 | 77.00 | 88.00 | 165.00 | OK | |
r-patched-linux-x86_64 | 1.2 | 76.78 | 37.67 | 114.45 | OK | |
r-release-linux-x86_64 | 1.2 | 70.94 | 37.08 | 108.02 | OK | |
r-release-macos-arm64 | 1.2 | 41.00 | OK | |||
r-release-macos-x86_64 | 1.2 | 58.00 | OK | |||
r-release-windows-x86_64 | 1.2 | 72.00 | 94.00 | 166.00 | OK | |
r-oldrel-macos-arm64 | 1.2 | 41.00 | NOTE | |||
r-oldrel-macos-x86_64 | 1.2 | 86.00 | OK | |||
r-oldrel-windows-ix86+x86_64 | 1.2 | 210.00 | 97.00 | 307.00 | OK |
Version: 1.2
Check: installed package size
Result: NOTE
installed size is 5.3Mb
sub-directories of 1Mb or more:
libs 5.2Mb
Flavor: r-oldrel-macos-arm64