Last updated on 2024-03-29 09:55:27 CET.
Flavor | Version | Tinstall | Tcheck | Ttotal | Status | Flags |
---|---|---|---|---|---|---|
r-devel-linux-x86_64-debian-clang | 6.2.1 | 844.89 | 233.74 | 1078.63 | OK | |
r-devel-linux-x86_64-debian-gcc | 6.2.1 | 768.77 | 175.53 | 944.30 | OK | |
r-devel-linux-x86_64-fedora-clang | 6.2.1 | 1282.19 | NOTE | |||
r-devel-linux-x86_64-fedora-gcc | 6.2.1 | 1735.53 | OK | |||
r-devel-windows-x86_64 | 6.2.1 | 588.00 | 256.00 | 844.00 | NOTE | |
r-patched-linux-x86_64 | 6.2.1 | 849.92 | 232.80 | 1082.72 | OK | |
r-release-linux-x86_64 | 6.2.1 | 673.49 | 229.42 | 902.91 | OK | |
r-release-macos-arm64 | 6.2.1 | 253.00 | NOTE | |||
r-release-macos-x86_64 | 6.2.1 | 383.00 | NOTE | |||
r-release-windows-x86_64 | 6.2.1 | 825.00 | 308.00 | 1133.00 | NOTE | |
r-oldrel-macos-arm64 | 6.2.1 | 244.00 | NOTE | |||
r-oldrel-windows-x86_64 | 6.2.1 | 597.00 | 278.00 | 875.00 | NOTE |
Version: 6.2.1
Check: installed package size
Result: NOTE
installed size is 12.1Mb
sub-directories of 1Mb or more:
doc 2.5Mb
libs 7.9Mb
Flavors: r-devel-linux-x86_64-fedora-clang, r-devel-windows-x86_64, r-release-macos-arm64, r-release-macos-x86_64, r-release-windows-x86_64, r-oldrel-macos-arm64, r-oldrel-windows-x86_64