Last updated on 2023-11-27 11:54:30 CET.
Flavor | Version | Tinstall | Tcheck | Ttotal | Status | Flags |
---|---|---|---|---|---|---|
r-devel-linux-x86_64-debian-clang | 1.1.0 | 8.30 | 85.44 | 93.74 | NOTE | |
r-devel-linux-x86_64-debian-gcc | 1.1.0 | 7.31 | 66.57 | 73.88 | NOTE | |
r-devel-linux-x86_64-fedora-clang | 1.1.0 | 121.91 | NOTE | |||
r-devel-linux-x86_64-fedora-gcc | 1.1.0 | 129.28 | NOTE | |||
r-devel-windows-x86_64 | 1.1.0 | 9.00 | 81.00 | 90.00 | NOTE | |
r-patched-linux-x86_64 | 1.1.0 | 13.01 | 83.07 | 96.08 | NOTE | |
r-release-linux-x86_64 | 1.1.0 | 8.08 | 82.54 | 90.62 | NOTE | |
r-release-macos-arm64 | 1.1.0 | 44.00 | NOTE | |||
r-release-macos-x86_64 | 1.1.0 | 67.00 | NOTE | |||
r-release-windows-x86_64 | 1.1.0 | 12.00 | 94.00 | 106.00 | NOTE | |
r-oldrel-macos-arm64 | 1.1.0 | 25.00 | NOTE | |||
r-oldrel-macos-x86_64 | 1.1.0 | 46.00 | NOTE | |||
r-oldrel-windows-x86_64 | 1.1.0 | 11.00 | 88.00 | 99.00 | NOTE |
Version: 1.1.0
Check: LazyData
Result: NOTE
'LazyData' is specified without a 'data' directory
Flavors: r-devel-linux-x86_64-debian-clang, r-devel-linux-x86_64-debian-gcc, r-devel-linux-x86_64-fedora-clang, r-devel-linux-x86_64-fedora-gcc, r-devel-windows-x86_64, r-patched-linux-x86_64, r-release-linux-x86_64, r-release-macos-arm64, r-release-macos-x86_64, r-release-windows-x86_64, r-oldrel-macos-arm64, r-oldrel-macos-x86_64, r-oldrel-windows-x86_64
Version: 1.1.0
Check: dependencies in R code
Result: NOTE
Namespaces in Imports field not imported from:
‘EQL’ ‘univariateML’
All declared Imports should be used.
Flavors: r-devel-linux-x86_64-fedora-clang, r-devel-linux-x86_64-fedora-gcc, r-oldrel-macos-arm64, r-oldrel-macos-x86_64