Last updated on 2022-06-25 10:53:06 CEST.
Flavor | Version | Tinstall | Tcheck | Ttotal | Status | Flags |
---|---|---|---|---|---|---|
r-devel-linux-x86_64-debian-clang | 1.0.2 | 8.45 | 77.79 | 86.24 | OK | |
r-devel-linux-x86_64-debian-gcc | 1.0.2 | 5.43 | 60.24 | 65.67 | OK | |
r-devel-linux-x86_64-fedora-clang | 1.0.2 | 121.58 | OK | |||
r-devel-linux-x86_64-fedora-gcc | 1.0.2 | 114.37 | OK | |||
r-devel-windows-x86_64 | 1.0.2 | 47.00 | 144.00 | 191.00 | OK | |
r-patched-linux-x86_64 | 1.0.2 | 6.40 | 75.75 | 82.15 | OK | |
r-release-linux-x86_64 | 1.0.2 | 6.96 | 75.11 | 82.07 | OK | |
r-release-macos-arm64 | 1.0.2 | 51.00 | NOTE | |||
r-release-macos-x86_64 | 1.0.2 | 54.00 | OK | |||
r-release-windows-x86_64 | 1.0.2 | 67.00 | 140.00 | 207.00 | OK | |
r-oldrel-macos-arm64 | 1.0.2 | 61.00 | NOTE | |||
r-oldrel-macos-x86_64 | 1.0.2 | 79.00 | OK | |||
r-oldrel-windows-ix86+x86_64 | 1.0.2 | 26.00 | 173.00 | 199.00 | OK |
Version: 1.0.2
Check: package dependencies
Result: NOTE
Package suggested but not available for checking: ‘PSCBS’
Flavors: r-release-macos-arm64, r-oldrel-macos-arm64
Version: 1.0.2
Check: Rd cross-references
Result: NOTE
Package unavailable to check Rd xrefs: ‘PSCBS’
Flavors: r-release-macos-arm64, r-oldrel-macos-arm64