Last updated on 2024-08-31 11:49:31 CEST.
Flavor | Version | Tinstall | Tcheck | Ttotal | Status | Flags |
---|---|---|---|---|---|---|
r-devel-linux-x86_64-debian-clang | 1.0.2 | 7.65 | 68.24 | 75.89 | OK | |
r-devel-linux-x86_64-debian-gcc | 1.0.2 | 5.24 | 50.60 | 55.84 | OK | |
r-devel-linux-x86_64-fedora-clang | 1.0.2 | 132.77 | OK | |||
r-devel-linux-x86_64-fedora-gcc | 1.0.2 | 135.12 | OK | |||
r-devel-windows-x86_64 | 1.0.2 | 13.00 | 104.00 | 117.00 | OK | |
r-patched-linux-x86_64 | 1.0.2 | 8.23 | 65.63 | 73.86 | OK | |
r-release-linux-x86_64 | 1.0.2 | 6.75 | 66.34 | 73.09 | OK | |
r-release-macos-arm64 | 1.0.2 | 46.00 | OK | |||
r-release-macos-x86_64 | 1.0.2 | 76.00 | OK | |||
r-release-windows-x86_64 | 1.0.2 | 16.00 | 138.00 | 154.00 | OK | |
r-oldrel-macos-arm64 | 1.0.2 | 56.00 | NOTE | |||
r-oldrel-macos-x86_64 | 1.0.2 | 49.00 | OK | |||
r-oldrel-windows-x86_64 | 1.0.2 | 15.00 | 135.00 | 150.00 | OK |
Version: 1.0.2
Check: package dependencies
Result: NOTE
Package suggested but not available for checking: ‘PSCBS’
Flavor: r-oldrel-macos-arm64
Version: 1.0.2
Check: Rd cross-references
Result: NOTE
Package unavailable to check Rd xrefs: ‘PSCBS’
Flavor: r-oldrel-macos-arm64