CRAN Package Check Results for Package hagis

Last updated on 2024-07-18 10:51:11 CEST.

Flavor Version Tinstall Tcheck Ttotal Status Flags
r-devel-linux-x86_64-debian-clang 3.1.12 5.02 87.48 92.50 OK
r-devel-linux-x86_64-debian-gcc 3.1.12 5.52 64.98 70.50 OK
r-devel-linux-x86_64-fedora-clang 3.1.12 121.35 OK
r-devel-linux-x86_64-fedora-gcc 3.1.12 126.05 OK
r-devel-windows-x86_64 3.1.12 9.00 81.00 90.00 NOTE
r-patched-linux-x86_64 3.1.12 12.34 84.61 96.95 OK
r-release-linux-x86_64 3.1.12 4.83 84.00 88.83 OK
r-release-macos-arm64 3.1.12 43.00 OK
r-release-macos-x86_64 3.1.12 61.00 OK
r-release-windows-x86_64 3.1.12 8.00 80.00 88.00 OK
r-oldrel-macos-arm64 3.1.12 44.00 OK
r-oldrel-macos-x86_64 3.1.12 84.00 OK
r-oldrel-windows-x86_64 3.1.12 10.00 91.00 101.00 OK

Check Details

Version: 3.1.12
Check: Rd cross-references
Result: NOTE Found the following Rd file(s) with Rd \link{} targets missing package anchors: diversities_table.Rd: pander, pandoc.table individual_pathotypes.Rd: pander Please provide package anchors for all Rd \link{} targets not in the package itself and the base packages. Flavor: r-devel-windows-x86_64