Last updated on 2024-04-20 11:50:11 CEST.
Flavor | Version | Tinstall | Tcheck | Ttotal | Status | Flags |
---|---|---|---|---|---|---|
r-devel-linux-x86_64-debian-clang | 0.3-1 | 150.19 | 256.24 | 406.43 | OK | |
r-devel-linux-x86_64-debian-gcc | 0.3-1 | 106.73 | 190.17 | 296.90 | OK | |
r-devel-linux-x86_64-fedora-clang | 0.3-1 | 517.89 | OK | |||
r-devel-linux-x86_64-fedora-gcc | 0.3-1 | 514.71 | OK | |||
r-prerel-macos-arm64 | 0.3-1 | 121.00 | NOTE | |||
r-prerel-windows-x86_64 | 0.3-1 | 104.00 | 216.00 | 320.00 | OK | |
r-patched-linux-x86_64 | 0.3-1 | 135.87 | 237.08 | 372.95 | OK | |
r-release-linux-x86_64 | 0.3-1 | 127.61 | 240.82 | 368.43 | OK | |
r-release-macos-arm64 | 0.3-1 | 121.00 | NOTE | |||
r-release-macos-x86_64 | 0.3-1 | 326.00 | NOTE | |||
r-release-windows-x86_64 | 0.3-1 | 129.00 | 283.00 | 412.00 | OK | |
r-oldrel-macos-arm64 | 0.3-1 | 132.00 | NOTE | |||
r-oldrel-windows-x86_64 | 0.3-1 | 129.00 | 282.00 | 411.00 | OK |
Version: 0.3-1
Check: installed package size
Result: NOTE
installed size is 5.6Mb
sub-directories of 1Mb or more:
libs 4.2Mb
Flavors: r-prerel-macos-arm64, r-release-macos-arm64, r-release-macos-x86_64, r-oldrel-macos-arm64