Last updated on 2024-04-17 10:41:34 CEST.
Flavor | Version | Tinstall | Tcheck | Ttotal | Status | Flags |
---|---|---|---|---|---|---|
r-devel-linux-x86_64-debian-clang | 1.0 | 3.08 | 34.33 | 37.41 | OK | |
r-devel-linux-x86_64-debian-gcc | 1.0 | 2.26 | 26.73 | 28.99 | OK | |
r-devel-linux-x86_64-fedora-clang | 1.0 | 48.92 | NOTE | |||
r-devel-linux-x86_64-fedora-gcc | 1.0 | 58.36 | NOTE | |||
r-prerel-macos-arm64 | 1.0 | 25.00 | OK | |||
r-prerel-windows-x86_64 | 1.0 | 3.00 | 62.00 | 65.00 | OK | |
r-patched-linux-x86_64 | 1.0 | 3.11 | 33.88 | 36.99 | OK | |
r-release-linux-x86_64 | 1.0 | 3.06 | 32.68 | 35.74 | OK | |
r-release-macos-arm64 | 1.0 | 39.00 | OK | |||
r-release-macos-x86_64 | 1.0 | 68.00 | OK | |||
r-release-windows-x86_64 | 1.0 | 4.00 | 50.00 | 54.00 | OK | |
r-oldrel-macos-arm64 | 1.0 | 23.00 | OK | |||
r-oldrel-windows-x86_64 | 1.0 | 4.00 | 53.00 | 57.00 | OK |
Version: 1.0
Check: data for non-ASCII characters
Result: NOTE
Note: found 1 marked UTF-8 string
Flavors: r-devel-linux-x86_64-fedora-clang, r-devel-linux-x86_64-fedora-gcc