Last updated on 2024-04-18 12:52:41 CEST.
Flavor | Version | Tinstall | Tcheck | Ttotal | Status | Flags |
---|---|---|---|---|---|---|
r-devel-linux-x86_64-debian-clang | 0.10.0 | 14.42 | 265.99 | 280.41 | OK | |
r-devel-linux-x86_64-debian-gcc | 0.10.0 | 10.79 | 191.07 | 201.86 | OK | |
r-devel-linux-x86_64-fedora-clang | 0.10.0 | 335.41 | NOTE | |||
r-devel-linux-x86_64-fedora-gcc | 0.10.0 | 344.50 | OK | |||
r-prerel-macos-arm64 | 0.10.0 | 85.00 | OK | |||
r-prerel-macos-x86_64 | 0.10.0 | 259.00 | OK | |||
r-prerel-windows-x86_64 | 0.10.0 | 12.00 | 189.00 | 201.00 | OK | |
r-patched-linux-x86_64 | 0.10.0 | 14.11 | 248.36 | 262.47 | OK | |
r-release-linux-x86_64 | 0.10.0 | 13.13 | 250.52 | 263.65 | OK | |
r-release-macos-arm64 | 0.10.0 | 91.00 | OK | |||
r-release-macos-x86_64 | 0.10.0 | 226.00 | OK | |||
r-release-windows-x86_64 | 0.10.0 | 18.00 | 236.00 | 254.00 | OK | |
r-oldrel-macos-arm64 | 0.10.0 | 94.00 | OK | |||
r-oldrel-windows-x86_64 | 0.10.0 | 16.00 | 219.00 | 235.00 | OK |
Version: 0.10.0
Check: Rd cross-references
Result: NOTE
Undeclared package ‘performance’ in Rd xrefs
Flavor: r-devel-linux-x86_64-fedora-clang