Last updated on 2022-07-01 11:51:58 CEST.
Flavor | Version | Tinstall | Tcheck | Ttotal | Status | Flags |
---|---|---|---|---|---|---|
r-devel-linux-x86_64-debian-clang | 2.2.1 | 142.42 | 76.45 | 218.87 | NOTE | |
r-devel-linux-x86_64-debian-gcc | 2.2.1 | 120.29 | 57.94 | 178.23 | NOTE | |
r-devel-linux-x86_64-fedora-clang | 2.2.1 | 332.67 | NOTE | |||
r-devel-linux-x86_64-fedora-gcc | 2.2.1 | 287.97 | NOTE | |||
r-devel-windows-x86_64 | 2.2.1 | 116.00 | 114.00 | 230.00 | OK | --no-vignettes |
r-patched-linux-x86_64 | 2.2.1 | 85.06 | 71.31 | 156.37 | NOTE | |
r-release-linux-x86_64 | 2.2.1 | 93.04 | 72.82 | 165.86 | NOTE | |
r-release-macos-arm64 | 2.2.1 | 75.00 | NOTE | |||
r-release-macos-x86_64 | 2.2.1 | 116.00 | NOTE | |||
r-release-windows-x86_64 | 2.2.1 | 106.00 | 140.00 | 246.00 | OK | --no-vignettes |
r-oldrel-macos-arm64 | 2.2.1 | 84.00 | NOTE | |||
r-oldrel-macos-x86_64 | 2.2.1 | 117.00 | NOTE | |||
r-oldrel-windows-ix86+x86_64 | 2.2.1 | 345.00 | 141.00 | 486.00 | OK | --no-vignettes |
Version: 2.2.1
Check: package dependencies
Result: NOTE
Package suggested but not available for checking: 'argosfilter'
Flavors: r-devel-linux-x86_64-debian-clang, r-devel-linux-x86_64-debian-gcc, r-devel-linux-x86_64-fedora-clang, r-devel-linux-x86_64-fedora-gcc, r-patched-linux-x86_64, r-release-linux-x86_64
Version: 2.2.1
Check: dependencies in R code
Result: NOTE
Namespaces in Imports field not imported from:
‘gdistance’ ‘raster’
All declared Imports should be used.
Flavors: r-devel-linux-x86_64-fedora-clang, r-devel-linux-x86_64-fedora-gcc, r-release-macos-arm64, r-release-macos-x86_64, r-oldrel-macos-arm64, r-oldrel-macos-x86_64
Version: 2.2.1
Check: installed package size
Result: NOTE
installed size is 6.2Mb
sub-directories of 1Mb or more:
libs 5.6Mb
Flavors: r-release-macos-arm64, r-release-macos-x86_64, r-oldrel-macos-arm64, r-oldrel-macos-x86_64