Last updated on 2022-06-30 11:53:05 CEST.
Flavor | Version | Tinstall | Tcheck | Ttotal | Status | Flags |
---|---|---|---|---|---|---|
r-devel-linux-x86_64-debian-clang | 0.3.1 | 41.66 | 393.95 | 435.61 | OK | |
r-devel-linux-x86_64-debian-gcc | 0.3.1 | 34.29 | 303.65 | 337.94 | OK | |
r-devel-linux-x86_64-fedora-clang | 0.3.1 | 534.16 | NOTE | |||
r-devel-linux-x86_64-fedora-gcc | 0.3.1 | 521.64 | OK | |||
r-devel-windows-x86_64 | 0.3.1 | 56.00 | 572.00 | 628.00 | OK | |
r-patched-linux-x86_64 | 0.3.1 | 39.80 | 396.10 | 435.90 | OK | |
r-release-linux-x86_64 | 0.3.1 | 37.14 | 389.38 | 426.52 | OK | |
r-release-macos-arm64 | 0.3.1 | 232.00 | NOTE | |||
r-release-macos-x86_64 | 0.3.1 | 259.00 | NOTE | |||
r-release-windows-x86_64 | 0.3.1 | 55.00 | 579.00 | 634.00 | OK | |
r-oldrel-macos-arm64 | 0.3.1 | 222.00 | NOTE | |||
r-oldrel-macos-x86_64 | 0.3.1 | 297.00 | NOTE | |||
r-oldrel-windows-ix86+x86_64 | 0.3.1 | 106.00 | 727.00 | 833.00 | NOTE |
Version: 0.3.1
Check: installed package size
Result: NOTE
installed size is 5.2Mb
sub-directories of 1Mb or more:
data 1.2Mb
doc 2.4Mb
libs 1.5Mb
Flavors: r-devel-linux-x86_64-fedora-clang, r-release-macos-arm64, r-release-macos-x86_64, r-oldrel-macos-arm64, r-oldrel-macos-x86_64, r-oldrel-windows-ix86+x86_64