Last updated on 2025-05-03 10:50:00 CEST.
Flavor | Version | Tinstall | Tcheck | Ttotal | Status | Flags |
---|---|---|---|---|---|---|
r-devel-linux-x86_64-debian-clang | 0.5 | 4.81 | 35.81 | 40.62 | NOTE | |
r-devel-linux-x86_64-debian-gcc | 0.5 | 3.16 | 27.09 | 30.25 | NOTE | |
r-devel-linux-x86_64-fedora-clang | 0.5 | 67.14 | OK | |||
r-devel-linux-x86_64-fedora-gcc | 0.5 | 75.55 | OK | |||
r-devel-windows-x86_64 | 0.5 | 6.00 | 58.00 | 64.00 | OK | |
r-patched-linux-x86_64 | 0.5 | 4.97 | 34.42 | 39.39 | OK | |
r-release-linux-x86_64 | OK | |||||
r-release-macos-arm64 | 0.5 | 31.00 | OK | |||
r-release-macos-x86_64 | 0.5 | 58.00 | OK | |||
r-release-windows-x86_64 | 0.5 | 6.00 | 59.00 | 65.00 | OK | |
r-oldrel-macos-arm64 | 0.5 | 30.00 | NOTE | |||
r-oldrel-macos-x86_64 | 0.5 | 45.00 | NOTE | |||
r-oldrel-windows-x86_64 | 0.5 | 10.00 | 65.00 | 75.00 | NOTE |
Version: 0.5
Check: CRAN incoming feasibility
Result: NOTE
Maintainer: ‘Kauê de Sousa <desousa.kaue@gmail.com>’
Package CITATION file contains call(s) to old-style citEntry(). Please
use bibentry() instead.
Flavors: r-devel-linux-x86_64-debian-clang, r-devel-linux-x86_64-debian-gcc
Version: 0.5
Check: installed package size
Result: NOTE
installed size is 5.5Mb
sub-directories of 1Mb or more:
data 3.4Mb
doc 1.8Mb
Flavors: r-oldrel-macos-arm64, r-oldrel-macos-x86_64, r-oldrel-windows-x86_64