Last updated on 2023-09-22 12:56:23 CEST.
Flavor | Version | Tinstall | Tcheck | Ttotal | Status | Flags |
---|---|---|---|---|---|---|
r-devel-linux-x86_64-debian-clang | 0.5.2 | 5.55 | 55.00 | 60.55 | OK | |
r-devel-linux-x86_64-debian-gcc | 0.5.2 | 4.24 | 40.63 | 44.87 | OK | |
r-devel-linux-x86_64-fedora-clang | 0.5.2 | 76.11 | NOTE | |||
r-devel-linux-x86_64-fedora-gcc | 0.5.2 | 83.84 | NOTE | |||
r-devel-windows-x86_64 | 0.5.2 | 9.00 | 87.00 | 96.00 | OK | |
r-patched-linux-x86_64 | 0.5.2 | 4.53 | 52.64 | 57.17 | OK | |
r-release-linux-x86_64 | 0.5.2 | 5.66 | 53.29 | 58.95 | OK | |
r-release-macos-arm64 | 0.5.2 | 45.00 | OK | |||
r-release-macos-x86_64 | 0.5.2 | 60.00 | OK | |||
r-release-windows-x86_64 | 0.5.2 | 10.00 | 94.00 | 104.00 | OK | |
r-oldrel-macos-arm64 | 0.5.2 | 54.00 | OK | |||
r-oldrel-macos-x86_64 | 0.5.2 | 67.00 | OK | |||
r-oldrel-windows-x86_64 | 0.5.2 | 11.00 | 96.00 | 107.00 | OK |
Version: 0.5.2
Check: data for non-ASCII characters
Result: NOTE
Note: found 10332 marked UTF-8 strings
Flavors: r-devel-linux-x86_64-fedora-clang, r-devel-linux-x86_64-fedora-gcc