CRAN Package Check Results for Package cimir

Last updated on 2022-07-03 11:53:34 CEST.

Flavor Version Tinstall Tcheck Ttotal Status Flags
r-devel-linux-x86_64-debian-clang 0.4-1 6.02 57.71 63.73 NOTE
r-devel-linux-x86_64-debian-gcc 0.4-1 4.70 42.68 47.38 NOTE
r-devel-linux-x86_64-fedora-clang 0.4-1 86.47 NOTE
r-devel-linux-x86_64-fedora-gcc 0.4-1 81.66 NOTE
r-devel-windows-x86_64 0.4-1 17.00 85.00 102.00 NOTE
r-patched-linux-x86_64 0.4-1 5.67 53.37 59.04 NOTE
r-release-linux-x86_64 0.4-1 4.52 53.60 58.12 NOTE
r-release-macos-arm64 0.4-1 28.00 NOTE
r-release-macos-x86_64 0.4-1 45.00 NOTE
r-release-windows-x86_64 0.4-1 19.00 87.00 106.00 NOTE
r-oldrel-macos-arm64 0.4-1 33.00 NOTE
r-oldrel-macos-x86_64 0.4-1 40.00 NOTE
r-oldrel-windows-ix86+x86_64 0.4-1 14.00 74.00 88.00 NOTE

Check Details

Version: 0.4-1
Check: LazyData
Result: NOTE
     'LazyData' is specified without a 'data' directory
Flavors: r-devel-linux-x86_64-debian-clang, r-devel-linux-x86_64-debian-gcc, r-devel-linux-x86_64-fedora-clang, r-devel-linux-x86_64-fedora-gcc, r-devel-windows-x86_64, r-patched-linux-x86_64, r-release-linux-x86_64, r-release-macos-arm64, r-release-macos-x86_64, r-release-windows-x86_64, r-oldrel-macos-arm64, r-oldrel-macos-x86_64, r-oldrel-windows-ix86+x86_64