Last updated on 2022-06-29 11:52:04 CEST.
Flavor | Version | Tinstall | Tcheck | Ttotal | Status | Flags |
---|---|---|---|---|---|---|
r-devel-linux-x86_64-debian-clang | 1.1 | 41.02 | 33.32 | 74.34 | OK | |
r-devel-linux-x86_64-debian-gcc | 1.1 | 34.75 | 26.13 | 60.88 | OK | |
r-devel-linux-x86_64-fedora-clang | 1.1 | 116.48 | NOTE | |||
r-devel-linux-x86_64-fedora-gcc | 1.1 | 107.61 | NOTE | |||
r-devel-windows-x86_64 | 1.1 | 40.00 | 78.00 | 118.00 | OK | |
r-patched-linux-x86_64 | 1.1 | 38.47 | 33.03 | 71.50 | OK | |
r-release-linux-x86_64 | 1.1 | 35.47 | 32.20 | 67.67 | OK | |
r-release-macos-arm64 | 1.1 | 30.00 | OK | |||
r-release-macos-x86_64 | 1.1 | 43.00 | OK | |||
r-release-windows-x86_64 | 1.1 | 41.00 | 80.00 | 121.00 | OK | |
r-oldrel-macos-arm64 | 1.1 | 43.00 | OK | |||
r-oldrel-macos-x86_64 | 1.1 | 54.00 | OK | |||
r-oldrel-windows-ix86+x86_64 | 1.1 | 98.00 | 79.00 | 177.00 | OK |
Version: 1.1
Check: compiled code
Result: NOTE
File ‘bvarsv/libs/bvarsv.so’:
Found no calls to: ‘R_registerRoutines’, ‘R_useDynamicSymbols’
It is good practice to register native routines and to disable symbol
search.
See ‘Writing portable packages’ in the ‘Writing R Extensions’ manual.
Flavors: r-devel-linux-x86_64-fedora-clang, r-devel-linux-x86_64-fedora-gcc