CRAN Package Check Results for Package aglm

Last updated on 2022-07-06 12:53:29 CEST.

Flavor Version Tinstall Tcheck Ttotal Status Flags
r-devel-linux-x86_64-debian-clang 0.4.0 7.78 153.77 161.55 OK
r-devel-linux-x86_64-debian-gcc 0.4.0 8.20 111.83 120.03 OK
r-devel-linux-x86_64-fedora-clang 0.4.0 204.58 NOTE
r-devel-linux-x86_64-fedora-gcc 0.4.0 206.37 NOTE
r-devel-windows-x86_64 0.4.0 15.00 186.00 201.00 OK
r-patched-linux-x86_64 0.4.0 14.38 150.55 164.93 OK
r-release-linux-x86_64 0.4.0 8.77 148.08 156.85 OK
r-release-macos-arm64 0.4.0 64.00 NOTE
r-release-macos-x86_64 0.4.0 86.00 NOTE
r-release-windows-x86_64 0.4.0 19.00 189.00 208.00 OK
r-oldrel-macos-arm64 0.4.0 110.00 NOTE
r-oldrel-macos-x86_64 0.4.0 111.00 NOTE
r-oldrel-windows-ix86+x86_64 0.4.0 20.00 183.00 203.00 OK

Check Details

Version: 0.4.0
Check: dependencies in R code
Result: NOTE
    Namespace in Imports field not imported from: ‘mathjaxr’
     All declared Imports should be used.
Flavors: r-devel-linux-x86_64-fedora-clang, r-devel-linux-x86_64-fedora-gcc, r-release-macos-arm64, r-release-macos-x86_64, r-oldrel-macos-arm64, r-oldrel-macos-x86_64