Last updated on 2025-05-12 13:50:32 CEST.
Flavor | Version | Tinstall | Tcheck | Ttotal | Status | Flags |
---|---|---|---|---|---|---|
r-devel-linux-x86_64-debian-clang | 1.4 | 88.50 | 86.04 | 174.54 | OK | |
r-devel-linux-x86_64-debian-gcc | 1.4 | 59.14 | 61.93 | 121.07 | OK | |
r-devel-linux-x86_64-fedora-clang | 1.4 | 330.26 | OK | |||
r-devel-linux-x86_64-fedora-gcc | 1.4 | 320.28 | OK | |||
r-devel-windows-x86_64 | 1.4 | 101.00 | 111.00 | 212.00 | OK | |
r-patched-linux-x86_64 | 1.4 | 83.04 | 80.94 | 163.98 | OK | |
r-release-linux-x86_64 | 1.4 | 82.57 | 80.71 | 163.28 | OK | |
r-release-macos-arm64 | 1.4 | 62.00 | OK | |||
r-release-macos-x86_64 | 1.4 | 107.00 | OK | |||
r-release-windows-x86_64 | 1.4 | 104.00 | 107.00 | 211.00 | OK | |
r-oldrel-macos-arm64 | 1.4 | 69.00 | NOTE | |||
r-oldrel-macos-x86_64 | 1.4 | 85.00 | NOTE | |||
r-oldrel-windows-x86_64 | 1.4 | 121.00 | 133.00 | 254.00 | OK |
Version: 1.4
Check: installed package size
Result: NOTE
installed size is 5.0Mb
sub-directories of 1Mb or more:
libs 4.3Mb
Flavors: r-oldrel-macos-arm64, r-oldrel-macos-x86_64