Last updated on 2025-04-17 09:49:28 CEST.
Flavor | Version | Tinstall | Tcheck | Ttotal | Status | Flags |
---|---|---|---|---|---|---|
r-devel-linux-x86_64-debian-clang | 5.1 | 122.38 | 95.38 | 217.76 | OK | |
r-devel-linux-x86_64-debian-gcc | 5.1 | 98.04 | 67.86 | 165.90 | OK | |
r-devel-linux-x86_64-fedora-clang | 5.1 | 343.36 | OK | |||
r-devel-linux-x86_64-fedora-gcc | 5.1 | 414.01 | OK | |||
r-devel-windows-x86_64 | 5.1 | 124.00 | 144.00 | 268.00 | OK | |
r-patched-linux-x86_64 | 5.1 | 142.20 | 92.35 | 234.55 | OK | |
r-release-linux-x86_64 | 5.1 | 140.63 | 90.19 | 230.82 | OK | |
r-release-macos-arm64 | 5.1 | 100.00 | OK | |||
r-release-macos-x86_64 | 5.1 | 214.00 | OK | |||
r-release-windows-x86_64 | 5.1 | 131.00 | 148.00 | 279.00 | OK | |
r-oldrel-macos-arm64 | 5.1 | 97.00 | NOTE | |||
r-oldrel-macos-x86_64 | 5.1 | 212.00 | NOTE | |||
r-oldrel-windows-x86_64 | 5.1 | 160.00 | 186.00 | 346.00 | OK |
Version: 5.1
Check: installed package size
Result: NOTE
installed size is 22.6Mb
sub-directories of 1Mb or more:
libs 22.1Mb
Flavors: r-oldrel-macos-arm64, r-oldrel-macos-x86_64