Last updated on 2024-04-18 12:53:03 CEST.
Flavor | Version | Tinstall | Tcheck | Ttotal | Status | Flags |
---|---|---|---|---|---|---|
r-devel-linux-x86_64-debian-clang | 1.1 | 36.85 | 28.64 | 65.49 | NOTE | |
r-devel-linux-x86_64-debian-gcc | 1.1 | 26.79 | 22.40 | 49.19 | NOTE | |
r-devel-linux-x86_64-fedora-clang | 1.1 | 91.29 | NOTE | |||
r-devel-linux-x86_64-fedora-gcc | 1.1 | 95.05 | NOTE | |||
r-prerel-macos-arm64 | 1.1 | 25.00 | NOTE | |||
r-prerel-windows-x86_64 | 1.1 | 27.00 | 65.00 | 92.00 | NOTE | |
r-patched-linux-x86_64 | 1.1 | 32.12 | 28.13 | 60.25 | NOTE | |
r-release-linux-x86_64 | 1.1 | 32.64 | 27.07 | 59.71 | NOTE | |
r-release-macos-arm64 | 1.1 | 29.00 | NOTE | |||
r-release-macos-x86_64 | 1.1 | 43.00 | NOTE | |||
r-release-windows-x86_64 | 1.1 | 35.00 | 70.00 | 105.00 | NOTE | |
r-oldrel-macos-arm64 | 1.1 | 32.00 | OK | |||
r-oldrel-windows-x86_64 | 1.1 | 35.00 | 71.00 | 106.00 | OK |
Version: 1.1
Check: C++ specification
Result: NOTE
Specified C++11: please drop specification unless essential
Flavors: r-devel-linux-x86_64-debian-clang, r-devel-linux-x86_64-debian-gcc, r-devel-linux-x86_64-fedora-clang, r-devel-linux-x86_64-fedora-gcc, r-prerel-macos-arm64, r-prerel-windows-x86_64, r-patched-linux-x86_64, r-release-linux-x86_64, r-release-macos-arm64, r-release-macos-x86_64, r-release-windows-x86_64