Last updated on 2022-06-26 11:52:44 CEST.
Flavor | Version | Tinstall | Tcheck | Ttotal | Status | Flags |
---|---|---|---|---|---|---|
r-devel-linux-x86_64-debian-clang | 0.0.8 | 28.85 | 49.67 | 78.52 | OK | |
r-devel-linux-x86_64-debian-gcc | 0.0.8 | 24.08 | 37.45 | 61.53 | OK | |
r-devel-linux-x86_64-fedora-clang | 0.0.8 | 126.62 | OK | |||
r-devel-linux-x86_64-fedora-gcc | 0.0.8 | 112.73 | OK | |||
r-devel-windows-x86_64 | 0.0.8 | 47.00 | 109.00 | 156.00 | NOTE | |
r-patched-linux-x86_64 | 0.0.8 | 29.36 | 47.75 | 77.11 | OK | |
r-release-linux-x86_64 | 0.0.8 | 29.45 | 47.56 | 77.01 | OK | |
r-release-macos-arm64 | 0.0.8 | 37.00 | OK | |||
r-release-macos-x86_64 | 0.0.8 | 47.00 | OK | |||
r-release-windows-x86_64 | 0.0.8 | 51.00 | 108.00 | 159.00 | NOTE | |
r-oldrel-macos-arm64 | 0.0.8 | 39.00 | OK | |||
r-oldrel-macos-x86_64 | 0.0.8 | 62.00 | OK | |||
r-oldrel-windows-ix86+x86_64 | 0.0.8 | 94.00 | 121.00 | 215.00 | NOTE |
Version: 0.0.8
Check: package dependencies
Result: NOTE
Package suggested but not available for checking: 'doMC'
Flavors: r-devel-windows-x86_64, r-release-windows-x86_64, r-oldrel-windows-ix86+x86_64