CRAN Package Check Results for Package Riemann

Last updated on 2023-02-05 11:10:45 CET.

Flavor Version Tinstall Tcheck Ttotal Status Flags
r-devel-linux-x86_64-debian-clang 0.1.4 340.54 233.63 574.17 NOTE
r-devel-linux-x86_64-debian-gcc 0.1.4 249.47 172.31 421.78 NOTE
r-devel-linux-x86_64-fedora-clang 0.1.4 820.34 NOTE
r-devel-linux-x86_64-fedora-gcc 0.1.4 762.77 NOTE
r-devel-windows-x86_64 0.1.4 287.00 336.00 623.00 NOTE
r-patched-linux-x86_64 0.1.4 243.91 210.82 454.73 OK
r-release-linux-x86_64 0.1.4 247.41 219.03 466.44 OK
r-release-macos-arm64 0.1.4 171.00 NOTE
r-release-macos-x86_64 0.1.4 261.00 NOTE
r-release-windows-x86_64 0.1.4 284.00 333.00 617.00 OK
r-oldrel-macos-arm64 0.1.4 142.00 NOTE
r-oldrel-macos-x86_64 0.1.4 199.00 NOTE
r-oldrel-windows-ix86+x86_64 0.1.4 721.00 384.00 1105.00 NOTE

Check Details

Version: 0.1.4
Check: C++ specification
Result: NOTE
     Specified C++11: please update to current default of C++17
Flavors: r-devel-linux-x86_64-debian-clang, r-devel-linux-x86_64-debian-gcc, r-devel-linux-x86_64-fedora-clang, r-devel-linux-x86_64-fedora-gcc, r-devel-windows-x86_64

Version: 0.1.4
Check: Rd files
Result: NOTE
    checkRd: (-1) acg.Rd:72: Escaped LaTeX specials: \&
    checkRd: (-1) gorilla.Rd:41: Escaped LaTeX specials: \&
    checkRd: (-1) grassmann.utest.Rd:63: Escaped LaTeX specials: \&
    checkRd: (-1) macg.Rd:71: Escaped LaTeX specials: \&
    checkRd: (-1) sphere.utest.Rd:47: Escaped LaTeX specials: \&
    checkRd: (-1) stiefel.utest.Rd:64: Escaped LaTeX specials: \&
    checkRd: (-1) wrap.landmark.Rd:41: Escaped LaTeX specials: \&
Flavors: r-devel-linux-x86_64-debian-clang, r-devel-linux-x86_64-debian-gcc, r-devel-linux-x86_64-fedora-clang, r-devel-linux-x86_64-fedora-gcc, r-devel-windows-x86_64

Version: 0.1.4
Check: installed package size
Result: NOTE
     installed size is 17.6Mb
     sub-directories of 1Mb or more:
     data 1.6Mb
     libs 15.2Mb
Flavors: r-release-macos-arm64, r-release-macos-x86_64, r-oldrel-macos-arm64, r-oldrel-macos-x86_64, r-oldrel-windows-ix86+x86_64