Last updated on 2024-04-23 10:54:15 CEST.
Flavor | Version | Tinstall | Tcheck | Ttotal | Status | Flags |
---|---|---|---|---|---|---|
r-devel-linux-x86_64-debian-clang | 0.6-5.1 | 4.51 | 27.27 | 31.78 | OK | |
r-devel-linux-x86_64-debian-gcc | 0.6-5.1 | 3.52 | 20.66 | 24.18 | OK | |
r-devel-linux-x86_64-fedora-clang | 0.6-5.1 | 41.79 | NOTE | |||
r-devel-linux-x86_64-fedora-gcc | 0.6-5.1 | 40.87 | OK | |||
r-prerel-macos-arm64 | 0.6-5.1 | 22.00 | OK | |||
r-prerel-windows-x86_64 | 0.6-5.1 | 16.00 | 48.00 | 64.00 | OK | |
r-patched-linux-x86_64 | 0.6-5.1 | 4.20 | 26.32 | 30.52 | OK | |
r-release-linux-x86_64 | 0.6-5.1 | 3.79 | 26.46 | 30.25 | OK | |
r-release-macos-arm64 | 0.6-5.1 | 25.00 | OK | |||
r-release-macos-x86_64 | 0.6-5.1 | 78.00 | OK | |||
r-release-windows-x86_64 | 0.6-5.1 | 19.00 | 52.00 | 71.00 | OK | |
r-oldrel-macos-arm64 | 0.6-5.1 | 26.00 | OK | |||
r-oldrel-windows-x86_64 | 0.6-5.1 | 8.00 | 68.00 | 76.00 | OK |
Version: 0.6-5.1
Check: Rd cross-references
Result: NOTE
Undeclared packages ‘lpSolve’, ‘ROI’, ‘Rsymphony’ in Rd xrefs
Flavor: r-devel-linux-x86_64-fedora-clang