CRAN Package Check Results for Package RcppHMM

Last updated on 2022-07-06 12:53:44 CEST.

Flavor Version Tinstall Tcheck Ttotal Status Flags
r-devel-linux-x86_64-debian-clang 1.2.2 94.07 31.73 125.80 OK
r-devel-linux-x86_64-debian-gcc 1.2.2 78.00 24.18 102.18 OK
r-devel-linux-x86_64-fedora-clang 1.2.2 201.64 OK
r-devel-linux-x86_64-fedora-gcc 1.2.2 184.59 OK
r-devel-windows-x86_64 1.2.2 87.00 81.00 168.00 OK
r-patched-linux-x86_64 1.2.2 87.23 30.11 117.34 OK
r-release-linux-x86_64 1.2.2 84.62 30.64 115.26 OK
r-release-macos-arm64 1.2.2 44.00 OK
r-release-macos-x86_64 1.2.2 57.00 NOTE
r-release-windows-x86_64 1.2.2 91.00 88.00 179.00 OK
r-oldrel-macos-arm64 1.2.2 49.00 NOTE
r-oldrel-macos-x86_64 1.2.2 74.00 NOTE
r-oldrel-windows-ix86+x86_64 1.2.2 241.00 82.00 323.00 OK

Check Details

Version: 1.2.2
Check: installed package size
Result: NOTE
     installed size is 5.3Mb
     sub-directories of 1Mb or more:
     libs 5.2Mb
Flavors: r-release-macos-x86_64, r-oldrel-macos-arm64, r-oldrel-macos-x86_64