Last updated on 2022-06-26 11:52:41 CEST.
Flavor | Version | Tinstall | Tcheck | Ttotal | Status | Flags |
---|---|---|---|---|---|---|
r-devel-linux-x86_64-debian-clang | 0.2.1 | 24.17 | 38.66 | 62.83 | OK | |
r-devel-linux-x86_64-debian-gcc | 0.2.1 | 19.95 | 29.77 | 49.72 | OK | |
r-devel-linux-x86_64-fedora-clang | 0.2.1 | 96.05 | NOTE | |||
r-devel-linux-x86_64-fedora-gcc | 0.2.1 | 88.49 | NOTE | |||
r-devel-windows-x86_64 | 0.2.1 | 62.00 | 91.00 | 153.00 | OK | |
r-patched-linux-x86_64 | 0.2.1 | 21.16 | 36.92 | 58.08 | OK | |
r-release-linux-x86_64 | 0.2.1 | 22.45 | 36.97 | 59.42 | OK | |
r-release-macos-arm64 | 0.2.1 | 29.00 | NOTE | |||
r-release-macos-x86_64 | 0.2.1 | 40.00 | NOTE | |||
r-release-windows-x86_64 | 0.2.1 | 64.00 | 95.00 | 159.00 | OK | |
r-oldrel-macos-arm64 | 0.2.1 | 28.00 | NOTE | |||
r-oldrel-macos-x86_64 | 0.2.1 | 48.00 | NOTE | |||
r-oldrel-windows-ix86+x86_64 | 0.2.1 | 73.00 | 98.00 | 171.00 | OK |
Version: 0.2.1
Check: dependencies in R code
Result: NOTE
Namespace in Imports field not imported from: ‘stats’
All declared Imports should be used.
Flavors: r-devel-linux-x86_64-fedora-clang, r-devel-linux-x86_64-fedora-gcc, r-release-macos-arm64, r-release-macos-x86_64, r-oldrel-macos-arm64, r-oldrel-macos-x86_64