Last updated on 2022-06-27 11:50:51 CEST.
Flavor | Version | Tinstall | Tcheck | Ttotal | Status | Flags |
---|---|---|---|---|---|---|
r-devel-linux-x86_64-debian-clang | 1.5.6 | 38.33 | 138.44 | 176.77 | OK | |
r-devel-linux-x86_64-debian-gcc | 1.5.6 | 32.46 | 103.11 | 135.57 | OK | |
r-devel-linux-x86_64-fedora-clang | 1.5.6 | 227.76 | WARN | |||
r-devel-linux-x86_64-fedora-gcc | 1.5.6 | 236.55 | WARN | |||
r-devel-windows-x86_64 | 1.5.6 | 53.00 | 180.00 | 233.00 | OK | |
r-patched-linux-x86_64 | 1.5.6 | 36.66 | 128.15 | 164.81 | OK | |
r-release-linux-x86_64 | 1.5.6 | 34.38 | 131.73 | 166.11 | OK | |
r-release-macos-arm64 | 1.5.6 | 56.00 | OK | |||
r-release-macos-x86_64 | 1.5.6 | 82.00 | OK | |||
r-release-windows-x86_64 | 1.5.6 | 56.00 | 182.00 | 238.00 | OK | |
r-oldrel-macos-arm64 | 1.5.6 | 50.00 | OK | |||
r-oldrel-macos-x86_64 | 1.5.6 | 77.00 | OK | |||
r-oldrel-windows-ix86+x86_64 | 1.5.6 | 92.00 | 205.00 | 297.00 | OK |
Version: 1.5.6
Check: package dependencies
Result: WARN
Requires orphaned package: ‘gtools’
Flavors: r-devel-linux-x86_64-fedora-clang, r-devel-linux-x86_64-fedora-gcc