Last updated on 2022-06-29 11:52:17 CEST.
Flavor | Version | Tinstall | Tcheck | Ttotal | Status | Flags |
---|---|---|---|---|---|---|
r-devel-linux-x86_64-debian-clang | 1.1.0 | 20.33 | 370.28 | 390.61 | OK | |
r-devel-linux-x86_64-debian-gcc | 1.1.0 | 17.11 | 259.27 | 276.38 | OK | |
r-devel-linux-x86_64-fedora-clang | 1.1.0 | 444.57 | OK | |||
r-devel-linux-x86_64-fedora-gcc | 1.1.0 | 456.55 | OK | |||
r-devel-windows-x86_64 | 1.1.0 | 390.00 | 159.00 | 549.00 | OK | --no-vignettes |
r-patched-linux-x86_64 | 1.1.0 | 22.61 | 347.48 | 370.09 | OK | |
r-release-linux-x86_64 | 1.1.0 | 18.02 | 344.56 | 362.58 | OK | |
r-release-macos-arm64 | 1.1.0 | 164.00 | OK | |||
r-release-macos-x86_64 | 1.1.0 | 233.00 | OK | |||
r-release-windows-x86_64 | 1.1.0 | 344.00 | 340.00 | 684.00 | OK | --no-vignettes |
r-oldrel-macos-arm64 | 1.1.0 | 210.00 | NOTE | |||
r-oldrel-macos-x86_64 | 1.1.0 | 310.00 | OK | |||
r-oldrel-windows-ix86+x86_64 | 1.1.0 | 38.00 | 142.00 | 180.00 | OK | --no-vignettes |
Version: 1.1.0
Check: package dependencies
Result: NOTE
Package suggested but not available for checking: ‘ROI.plugin.symphony’
Flavor: r-oldrel-macos-arm64