Last updated on 2024-03-28 09:51:51 CET.
Flavor | Version | Tinstall | Tcheck | Ttotal | Status | Flags |
---|---|---|---|---|---|---|
r-devel-linux-x86_64-debian-clang | 0.4.3 | 18.52 | 442.43 | 460.95 | NOTE | |
r-devel-linux-x86_64-debian-gcc | 0.4.3 | 16.45 | 302.01 | 318.46 | NOTE | |
r-devel-linux-x86_64-fedora-clang | 0.4.3 | 565.64 | NOTE | |||
r-devel-linux-x86_64-fedora-gcc | 0.4.3 | 496.06 | NOTE | |||
r-devel-windows-x86_64 | 0.4.3 | 19.00 | 285.00 | 304.00 | NOTE | |
r-patched-linux-x86_64 | 0.4.3 | 25.20 | 426.67 | 451.87 | NOTE | |
r-release-linux-x86_64 | 0.4.3 | 18.20 | 420.49 | 438.69 | OK | |
r-release-macos-arm64 | 0.4.3 | 126.00 | OK | |||
r-release-macos-x86_64 | 0.4.3 | 432.00 | OK | |||
r-release-windows-x86_64 | 0.4.3 | 26.00 | 381.00 | 407.00 | OK | |
r-oldrel-macos-arm64 | 0.4.3 | 113.00 | OK | |||
r-oldrel-windows-x86_64 | 0.4.3 | 26.00 | 379.00 | 405.00 | OK |
Version: 0.4.3
Check: Rd files
Result: NOTE
checkRd: (-1) adjacency.Rd:27: Lost braces; missing escapes or markup?
27 | item j. For example, in the ranking \\{1\\} > \\{3, 4\\} > \\{2\\},
| ^
checkRd: (-1) adjacency.Rd:27: Lost braces; missing escapes or markup?
27 | item j. For example, in the ranking \\{1\\} > \\{3, 4\\} > \\{2\\},
| ^
checkRd: (-1) adjacency.Rd:27: Lost braces; missing escapes or markup?
27 | item j. For example, in the ranking \\{1\\} > \\{3, 4\\} > \\{2\\},
| ^
checkRd: (-1) rankings.Rd:127: Lost braces; missing escapes or markup?
127 | rank skipped. For example {1, 0, 2, 1}, ranks the first and fourth items in
| ^
Flavors: r-devel-linux-x86_64-debian-clang, r-devel-linux-x86_64-debian-gcc, r-devel-linux-x86_64-fedora-clang, r-devel-linux-x86_64-fedora-gcc, r-devel-windows-x86_64, r-patched-linux-x86_64