Last updated on 2024-04-19 11:56:54 CEST.
Flavor | Version | Tinstall | Tcheck | Ttotal | Status | Flags |
---|---|---|---|---|---|---|
r-devel-linux-x86_64-debian-clang | 1.2.0 | 3.18 | 32.37 | 35.55 | NOTE | |
r-devel-linux-x86_64-debian-gcc | 1.2.0 | NOTE | ||||
r-devel-linux-x86_64-fedora-clang | 1.2.0 | 43.52 | NOTE | |||
r-devel-linux-x86_64-fedora-gcc | 1.2.0 | 42.15 | NOTE | |||
r-prerel-macos-arm64 | 1.2.0 | 19.00 | NOTE | |||
r-prerel-windows-x86_64 | 1.2.0 | 3.00 | 45.00 | 48.00 | NOTE | |
r-patched-linux-x86_64 | 1.2.0 | 2.83 | 31.28 | 34.11 | NOTE | |
r-release-linux-x86_64 | 1.2.0 | 3.23 | 30.98 | 34.21 | NOTE | |
r-release-macos-arm64 | 1.2.0 | 18.00 | NOTE | |||
r-release-macos-x86_64 | 1.2.0 | 24.00 | NOTE | |||
r-release-windows-x86_64 | 1.2.0 | 4.00 | 49.00 | 53.00 | NOTE | |
r-oldrel-macos-arm64 | 1.2.0 | 19.00 | NOTE | |||
r-oldrel-windows-x86_64 | 1.2.0 | 5.00 | 54.00 | 59.00 | NOTE |
Version: 1.2.0
Check: LazyData
Result: NOTE
'LazyData' is specified without a 'data' directory
Flavors: r-devel-linux-x86_64-debian-clang, r-devel-linux-x86_64-debian-gcc, r-devel-linux-x86_64-fedora-clang, r-devel-linux-x86_64-fedora-gcc, r-prerel-macos-arm64, r-prerel-windows-x86_64, r-patched-linux-x86_64, r-release-linux-x86_64, r-release-macos-arm64, r-release-macos-x86_64, r-release-windows-x86_64, r-oldrel-macos-arm64, r-oldrel-windows-x86_64