CRAN Package Check Results for Package MCMCprecision

Last updated on 2022-06-27 11:50:47 CEST.

Flavor Version Tinstall Tcheck Ttotal Status Flags
r-devel-linux-x86_64-debian-clang 0.4.0 92.02 77.21 169.23 NOTE
r-devel-linux-x86_64-debian-gcc 0.4.0 80.31 60.69 141.00 NOTE
r-devel-linux-x86_64-fedora-clang 0.4.0 275.77 NOTE
r-devel-linux-x86_64-fedora-gcc 0.4.0 238.76 NOTE
r-devel-windows-x86_64 0.4.0 95.00 124.00 219.00 NOTE
r-patched-linux-x86_64 0.4.0 80.80 76.06 156.86 NOTE
r-release-linux-x86_64 0.4.0 86.63 75.42 162.05 NOTE
r-release-macos-arm64 0.4.0 63.00 NOTE
r-release-macos-x86_64 0.4.0 84.00 NOTE
r-release-windows-x86_64 0.4.0 80.00 124.00 204.00 NOTE
r-oldrel-macos-arm64 0.4.0 69.00 NOTE
r-oldrel-macos-x86_64 0.4.0 125.00 NOTE
r-oldrel-windows-ix86+x86_64 0.4.0 222.00 145.00 367.00 NOTE

Check Details

Version: 0.4.0
Check: LazyData
Result: NOTE
     'LazyData' is specified without a 'data' directory
Flavors: r-devel-linux-x86_64-debian-clang, r-devel-linux-x86_64-debian-gcc, r-devel-linux-x86_64-fedora-clang, r-devel-linux-x86_64-fedora-gcc, r-devel-windows-x86_64, r-patched-linux-x86_64, r-release-linux-x86_64, r-release-macos-arm64, r-release-macos-x86_64, r-release-windows-x86_64, r-oldrel-macos-arm64, r-oldrel-macos-x86_64, r-oldrel-windows-ix86+x86_64

Version: 0.4.0
Check: installed package size
Result: NOTE
     installed size is 14.3Mb
     sub-directories of 1Mb or more:
     libs 13.7Mb
Flavors: r-devel-linux-x86_64-fedora-clang, r-release-macos-arm64, r-release-macos-x86_64, r-oldrel-macos-arm64, r-oldrel-macos-x86_64

Version: 0.4.0
Check: Rd cross-references
Result: NOTE
    Undeclared package ‘coda’ in Rd xrefs
Flavor: r-devel-linux-x86_64-fedora-clang