Last updated on 2024-04-19 11:56:39 CEST.
Flavor | Version | Tinstall | Tcheck | Ttotal | Status | Flags |
---|---|---|---|---|---|---|
r-devel-linux-x86_64-debian-clang | 2.1-6 | 221.08 | 106.42 | 327.50 | OK | |
r-devel-linux-x86_64-debian-gcc | 2.1-7 | OK | ||||
r-devel-linux-x86_64-fedora-clang | 2.1-7 | 495.07 | NOTE | |||
r-devel-linux-x86_64-fedora-gcc | 2.1-7 | 525.51 | OK | |||
r-prerel-macos-arm64 | 2.1-7 | 110.00 | NOTE | |||
r-prerel-macos-x86_64 | 2.1-7 | 195.00 | NOTE | |||
r-prerel-windows-x86_64 | 2.1-7 | 155.00 | 145.00 | 300.00 | NOTE | |
r-patched-linux-x86_64 | 2.1-6 | 214.12 | 102.23 | 316.35 | OK | |
r-release-linux-x86_64 | 2.1-6 | 233.87 | 102.56 | 336.43 | OK | |
r-release-macos-arm64 | 2.1-7 | 111.00 | NOTE | |||
r-release-macos-x86_64 | 2.1-7 | 169.00 | NOTE | |||
r-release-windows-x86_64 | 2.1-6 | 214.00 | 148.00 | 362.00 | NOTE | |
r-oldrel-macos-arm64 | 2.1-6 | 105.00 | NOTE | |||
r-oldrel-windows-x86_64 | 2.1-6 | 203.00 | 136.00 | 339.00 | NOTE |
Version: 2.1-7
Check: installed package size
Result: NOTE
installed size is 5.4Mb
sub-directories of 1Mb or more:
data 1.5Mb
doc 1.4Mb
libs 1.6Mb
Flavors: r-devel-linux-x86_64-fedora-clang, r-prerel-macos-arm64, r-prerel-macos-x86_64, r-prerel-windows-x86_64, r-release-macos-arm64, r-release-macos-x86_64
Version: 2.1-6
Check: installed package size
Result: NOTE
installed size is 5.9Mb
sub-directories of 1Mb or more:
data 1.5Mb
doc 1.4Mb
libs 2.2Mb
Flavors: r-release-windows-x86_64, r-oldrel-macos-arm64, r-oldrel-windows-x86_64