Last updated on 2023-09-21 12:57:07 CEST.
Flavor | Version | Tinstall | Tcheck | Ttotal | Status | Flags |
---|---|---|---|---|---|---|
r-devel-linux-x86_64-debian-clang | 2.1-4 | 221.84 | 97.15 | 318.99 | OK | |
r-devel-linux-x86_64-debian-gcc | 2.1-4 | 161.63 | 77.70 | 239.33 | OK | |
r-devel-linux-x86_64-fedora-clang | 2.1-4 | 443.75 | OK | |||
r-devel-linux-x86_64-fedora-gcc | 2.1-4 | 497.06 | OK | |||
r-devel-windows-x86_64 | 2.1-4 | 158.00 | 129.00 | 287.00 | OK | |
r-patched-linux-x86_64 | 2.1-4 | 229.53 | 100.81 | 330.34 | OK | |
r-release-linux-x86_64 | 2.1-4 | 222.22 | 100.66 | 322.88 | OK | |
r-release-macos-arm64 | 2.1-4 | 121.00 | NOTE | |||
r-release-macos-x86_64 | 2.1-4 | 145.00 | NOTE | |||
r-release-windows-x86_64 | 2.1-4 | 205.00 | 149.00 | 354.00 | OK | |
r-oldrel-macos-arm64 | 2.1-4 | 92.00 | NOTE | |||
r-oldrel-macos-x86_64 | 2.1-4 | 143.00 | NOTE | |||
r-oldrel-windows-x86_64 | 2.1-4 | 197.00 | 145.00 | 342.00 | OK |
Version: 2.1-4
Check: installed package size
Result: NOTE
installed size is 16.7Mb
sub-directories of 1Mb or more:
data 1.5Mb
libs 14.4Mb
Flavors: r-release-macos-arm64, r-release-macos-x86_64, r-oldrel-macos-arm64, r-oldrel-macos-x86_64