Last updated on 2025-07-15 12:49:15 CEST.
Flavor | Version | Tinstall | Tcheck | Ttotal | Status | Flags |
---|---|---|---|---|---|---|
r-devel-linux-x86_64-debian-clang | 0.6.5 | 2.16 | 24.28 | 26.44 | OK | |
r-devel-linux-x86_64-debian-gcc | 0.6.5 | 1.58 | 20.32 | 21.90 | OK | |
r-devel-linux-x86_64-fedora-clang | 0.6.5 | 43.67 | OK | |||
r-devel-linux-x86_64-fedora-gcc | 0.6.5 | 42.82 | OK | |||
r-devel-windows-x86_64 | 0.6.5 | 3.00 | 46.00 | 49.00 | OK | |
r-patched-linux-x86_64 | 0.6.5 | 2.19 | 25.40 | 27.59 | OK | |
r-release-linux-x86_64 | 0.6.5 | 1.97 | 25.32 | 27.29 | OK | |
r-release-macos-arm64 | 0.6.5 | 19.00 | OK | |||
r-release-macos-x86_64 | 0.6.5 | 49.00 | OK | |||
r-release-windows-x86_64 | 0.6.5 | 3.00 | 61.00 | 64.00 | OK | |
r-oldrel-macos-arm64 | 0.6.5 | 24.00 | NOTE | |||
r-oldrel-macos-x86_64 | 0.6.5 | 45.00 | NOTE | |||
r-oldrel-windows-x86_64 | 0.6.5 | 4.00 | 51.00 | 55.00 | NOTE |
Version: 0.6.5
Check: LazyData
Result: NOTE
'LazyData' is specified without a 'data' directory
Flavors: r-oldrel-macos-arm64, r-oldrel-macos-x86_64, r-oldrel-windows-x86_64