CRAN Package Check Results for Package BGGE

Last updated on 2023-06-02 10:52:25 CEST.

Flavor Version Tinstall Tcheck Ttotal Status Flags
r-devel-linux-x86_64-debian-clang 0.6.5 2.34 32.13 34.47 NOTE
r-devel-linux-x86_64-debian-gcc 0.6.5 1.68 25.34 27.02 NOTE
r-devel-linux-x86_64-fedora-clang 0.6.5 43.56 NOTE
r-devel-linux-x86_64-fedora-gcc 0.6.5 49.40 NOTE
r-devel-windows-x86_64 0.6.5 4.00 45.00 49.00 NOTE
r-patched-linux-x86_64 0.6.5 NOTE
r-release-linux-x86_64 0.6.5 1.93 31.04 32.97 NOTE
r-release-macos-arm64 0.6.5 18.00 NOTE
r-release-macos-x86_64 0.6.5 27.00 NOTE
r-release-windows-x86_64 0.6.5 5.00 46.00 51.00 NOTE
r-oldrel-macos-arm64 0.6.5 18.00 NOTE
r-oldrel-macos-x86_64 0.6.5 26.00 NOTE
r-oldrel-windows-x86_64 0.6.5 5.00 49.00 54.00 NOTE

Check Details

Version: 0.6.5
Check: LazyData
Result: NOTE
     'LazyData' is specified without a 'data' directory
Flavors: r-devel-linux-x86_64-debian-clang, r-devel-linux-x86_64-debian-gcc, r-devel-linux-x86_64-fedora-clang, r-devel-linux-x86_64-fedora-gcc, r-devel-windows-x86_64, r-patched-linux-x86_64, r-release-linux-x86_64, r-release-macos-arm64, r-release-macos-x86_64, r-release-windows-x86_64, r-oldrel-macos-arm64, r-oldrel-macos-x86_64, r-oldrel-windows-x86_64