Last updated on 2023-11-30 10:48:40 CET.
Flavor | Version | Tinstall | Tcheck | Ttotal | Status | Flags |
---|---|---|---|---|---|---|
r-devel-linux-x86_64-debian-clang | 2.72 | 53.83 | 128.31 | 182.14 | NOTE | |
r-devel-linux-x86_64-debian-gcc | 2.72 | 48.34 | 197.18 | 245.52 | NOTE | |
r-devel-linux-x86_64-fedora-clang | 2.72 | 214.16 | NOTE | |||
r-devel-linux-x86_64-fedora-gcc | 2.72 | 228.60 | NOTE | |||
r-devel-windows-x86_64 | 2.72 | 46.00 | 106.00 | 152.00 | NOTE | |
r-patched-linux-x86_64 | 2.72 | 59.38 | 133.82 | 193.20 | NOTE | |
r-release-linux-x86_64 | 2.72 | 56.88 | 120.70 | 177.58 | NOTE | |
r-release-macos-arm64 | 2.72 | 69.00 | NOTE | |||
r-release-macos-x86_64 | 2.72 | 109.00 | NOTE | |||
r-release-windows-x86_64 | 2.72 | 62.00 | 119.00 | 181.00 | NOTE | |
r-oldrel-macos-arm64 | 2.72 | 51.00 | NOTE | |||
r-oldrel-macos-x86_64 | 2.72 | 68.00 | OK | |||
r-oldrel-windows-x86_64 | 2.72 | 56.00 | 109.00 | 165.00 | OK |
Version: 2.72
Check: C++ specification
Result: NOTE
Specified C++11: please drop specification unless essential
Flavors: r-devel-linux-x86_64-debian-clang, r-devel-linux-x86_64-debian-gcc, r-devel-linux-x86_64-fedora-clang, r-devel-linux-x86_64-fedora-gcc, r-devel-windows-x86_64, r-patched-linux-x86_64, r-release-linux-x86_64, r-release-macos-arm64, r-release-macos-x86_64, r-release-windows-x86_64
Version: 2.72
Check: installed package size
Result: NOTE
installed size is 5.2Mb
sub-directories of 1Mb or more:
libs 3.7Mb
Flavors: r-release-macos-arm64, r-release-macos-x86_64, r-oldrel-macos-arm64
Version: 2.72
Check: package dependencies
Result: NOTE
Packages suggested but not available for checking: 'ssgraph', 'tmvtnorm'
Flavor: r-release-macos-x86_64
Version: 2.72
Check: Rd cross-references
Result: NOTE
Package unavailable to check Rd xrefs: ‘ssgraph’
Flavor: r-release-macos-x86_64