Last updated on 2022-06-25 10:53:20 CEST.
Flavor | Version | Tinstall | Tcheck | Ttotal | Status | Flags |
---|---|---|---|---|---|---|
r-devel-linux-x86_64-debian-clang | 0.1.2 | 45.49 | 84.86 | 130.35 | OK | |
r-devel-linux-x86_64-debian-gcc | 0.1.2 | 45.16 | 72.61 | 117.77 | OK | |
r-devel-linux-x86_64-fedora-clang | 0.1.2 | 174.38 | NOTE | |||
r-devel-linux-x86_64-fedora-gcc | 0.1.2 | 175.30 | OK | |||
r-devel-windows-x86_64 | 0.1.2 | 42.00 | 151.00 | 193.00 | OK | |
r-patched-linux-x86_64 | 0.1.2 | 46.57 | 80.82 | 127.39 | OK | |
r-release-linux-x86_64 | 0.1.2 | 47.35 | 83.52 | 130.87 | OK | |
r-release-macos-arm64 | 0.1.2 | 52.00 | NOTE | |||
r-release-macos-x86_64 | 0.1.2 | 80.00 | NOTE | |||
r-release-windows-x86_64 | 0.1.2 | 42.00 | 151.00 | 193.00 | OK | |
r-oldrel-macos-arm64 | 0.1.2 | 69.00 | NOTE | |||
r-oldrel-macos-x86_64 | 0.1.2 | 76.00 | NOTE | |||
r-oldrel-windows-ix86+x86_64 | 0.1.2 | 122.00 | 183.00 | 305.00 | OK |
Version: 0.1.2
Check: installed package size
Result: NOTE
installed size is 6.1Mb
sub-directories of 1Mb or more:
libs 5.8Mb
Flavors: r-devel-linux-x86_64-fedora-clang, r-release-macos-arm64, r-release-macos-x86_64, r-oldrel-macos-arm64, r-oldrel-macos-x86_64