Last updated on 2024-04-23 10:54:22 CEST.
Flavor | Version | Tinstall | Tcheck | Ttotal | Status | Flags |
---|---|---|---|---|---|---|
r-devel-linux-x86_64-debian-clang | 0.2.3 | 12.21 | 103.60 | 115.81 | NOTE | |
r-devel-linux-x86_64-debian-gcc | 0.2.3 | 9.66 | 86.16 | 95.82 | NOTE | |
r-devel-linux-x86_64-fedora-clang | 0.2.3 | 137.89 | NOTE | |||
r-devel-linux-x86_64-fedora-gcc | 0.2.3 | 148.42 | NOTE | |||
r-prerel-macos-arm64 | 0.2.3 | 60.00 | NOTE | |||
r-prerel-windows-x86_64 | 0.2.3 | 12.00 | 122.00 | 134.00 | NOTE | |
r-patched-linux-x86_64 | 0.2.3 | 8.73 | 102.10 | 110.83 | NOTE | |
r-release-linux-x86_64 | 0.2.3 | 7.32 | 100.69 | 108.01 | OK | |
r-release-macos-arm64 | 0.2.3 | 55.00 | OK | |||
r-release-macos-x86_64 | 0.2.3 | 102.00 | OK | |||
r-release-windows-x86_64 | 0.2.3 | 16.00 | 143.00 | 159.00 | OK | |
r-oldrel-macos-arm64 | 0.2.3 | 39.00 | OK | |||
r-oldrel-windows-x86_64 | 0.2.3 | 16.00 | 138.00 | 154.00 | OK |
Version: 0.2.3
Check: Rd files
Result: NOTE
checkRd: (-1) update_ztable.Rd:75: Lost braces; missing escapes or markup?
75 | must be NULL or contain only elements of {"h","t","b","p","!","H"}.}
| ^
checkRd: (-1) ztable_sub.Rd:78: Lost braces; missing escapes or markup?
78 | must be NULL or contain only elements of {"h","t","b","p","!","H"}.
| ^
Flavors: r-devel-linux-x86_64-debian-clang, r-devel-linux-x86_64-debian-gcc, r-devel-linux-x86_64-fedora-clang, r-devel-linux-x86_64-fedora-gcc, r-prerel-macos-arm64, r-prerel-windows-x86_64, r-patched-linux-x86_64