Last updated on 2024-08-16 12:49:24 CEST.
Flavor | Version | Tinstall | Tcheck | Ttotal | Status | Flags |
---|---|---|---|---|---|---|
r-devel-linux-x86_64-debian-clang | 0.3-0 | 10.69 | 139.96 | 150.65 | OK | |
r-devel-linux-x86_64-debian-gcc | 0.3-0 | 8.39 | 101.12 | 109.51 | OK | |
r-devel-linux-x86_64-fedora-clang | 0.3-0 | 243.57 | OK | |||
r-devel-linux-x86_64-fedora-gcc | 0.3-0 | 354.78 | NOTE | |||
r-devel-windows-x86_64 | 0.3-0 | 29.00 | 213.00 | 242.00 | OK | |
r-patched-linux-x86_64 | 0.3-0 | 12.09 | 139.42 | 151.51 | OK | |
r-release-linux-x86_64 | 0.3-0 | 10.81 | 138.31 | 149.12 | OK | |
r-release-macos-arm64 | 0.3-0 | 144.00 | OK | |||
r-release-macos-x86_64 | 0.3-0 | 388.00 | OK | |||
r-release-windows-x86_64 | 0.3-0 | 27.00 | 214.00 | 241.00 | OK | |
r-oldrel-macos-arm64 | 0.3-0 | 167.00 | OK | |||
r-oldrel-macos-x86_64 | 0.3-0 | 257.00 | OK | |||
r-oldrel-windows-x86_64 | 0.3-0 | 29.00 | 246.00 | 275.00 | OK |
Version: 0.3-0
Check: for detritus in the temp directory
Result: NOTE
Found the following files/directories:
‘Crashpad’
Flavor: r-devel-linux-x86_64-fedora-gcc