Last updated on 2022-06-29 11:52:26 CEST.
Flavor | Version | Tinstall | Tcheck | Ttotal | Status | Flags |
---|---|---|---|---|---|---|
r-devel-linux-x86_64-debian-clang | 0.6.0 | 36.24 | 204.64 | 240.88 | NOTE | |
r-devel-linux-x86_64-debian-gcc | 0.6.0 | 33.97 | 161.91 | 195.88 | NOTE | |
r-devel-linux-x86_64-fedora-clang | 0.6.0 | 292.81 | NOTE | |||
r-devel-linux-x86_64-fedora-gcc | 0.6.0 | 293.24 | NOTE | |||
r-devel-windows-x86_64 | 0.6.0 | 146.00 | 317.00 | 463.00 | NOTE | |
r-patched-linux-x86_64 | 0.6.0 | 39.87 | 197.99 | 237.86 | NOTE | |
r-release-linux-x86_64 | 0.6.0 | 36.12 | 196.59 | 232.71 | NOTE | |
r-release-macos-arm64 | 0.6.0 | 90.00 | NOTE | |||
r-release-macos-x86_64 | 0.6.0 | 178.00 | NOTE | |||
r-release-windows-x86_64 | 0.6.0 | 162.00 | 324.00 | 486.00 | NOTE | |
r-oldrel-macos-arm64 | 0.6.0 | 62.00 | NOTE | |||
r-oldrel-macos-x86_64 | 0.6.0 | 106.00 | NOTE | |||
r-oldrel-windows-ix86+x86_64 | 0.6.0 | 80.00 | 321.00 | 401.00 | NOTE |
Version: 0.6.0
Check: package dependencies
Result: NOTE
Package suggested but not available for checking: 'zdat'
Flavors: r-devel-linux-x86_64-debian-clang, r-devel-linux-x86_64-debian-gcc, r-devel-linux-x86_64-fedora-clang, r-devel-linux-x86_64-fedora-gcc, r-devel-windows-x86_64, r-patched-linux-x86_64, r-release-linux-x86_64, r-release-macos-arm64, r-release-macos-x86_64, r-release-windows-x86_64, r-oldrel-macos-arm64, r-oldrel-macos-x86_64, r-oldrel-windows-ix86+x86_64